Last updated on 2025-11-12 05:50:05 CET.
| Flavor | Version | Tinstall | Tcheck | Ttotal | Status | Flags |
|---|---|---|---|---|---|---|
| r-devel-linux-x86_64-debian-clang | 1.0.10 | 512.55 | 255.36 | 767.91 | OK | |
| r-devel-linux-x86_64-debian-gcc | 1.0.10 | 500.35 | 221.38 | 721.73 | OK | |
| r-devel-linux-x86_64-fedora-clang | 1.0.10 | 1020.00 | 178.07 | 1198.07 | OK | |
| r-devel-linux-x86_64-fedora-gcc | 1.0.10 | 1440.00 | 138.38 | 1578.38 | OK | |
| r-devel-windows-x86_64 | 1.0.10 | 583.00 | 292.00 | 875.00 | OK | |
| r-patched-linux-x86_64 | 1.0.10 | 585.26 | 301.21 | 886.47 | OK | |
| r-release-linux-x86_64 | 1.0.10 | 606.84 | 302.50 | 909.34 | OK | |
| r-release-macos-arm64 | 1.0.10 | 212.00 | 92.00 | 304.00 | OK | |
| r-release-macos-x86_64 | 1.0.10 | 186.00 | 187.00 | 373.00 | OK | |
| r-release-windows-x86_64 | 1.0.10 | 550.00 | 298.00 | 848.00 | OK | |
| r-oldrel-macos-arm64 | 1.0.10 | 107.00 | 60.00 | 167.00 | NOTE | |
| r-oldrel-macos-x86_64 | 1.0.10 | 85.00 | 105.00 | 190.00 | NOTE | |
| r-oldrel-windows-x86_64 | 1.0.10 | 655.00 | 388.00 | 1043.00 | NOTE |
Version: 1.0.10
Check: installed package size
Result: NOTE
installed size is 115.6Mb
sub-directories of 1Mb or more:
libs 114.2Mb
Flavors: r-oldrel-macos-arm64, r-oldrel-macos-x86_64, r-oldrel-windows-x86_64
Version: 1.0.10
Check: for GNU extensions in Makefiles
Result: NOTE
GNU make is a SystemRequirements.
Flavors: r-oldrel-macos-arm64, r-oldrel-macos-x86_64