Last updated on 2025-10-31 17:50:31 CET.
| Flavor | Version | Tinstall | Tcheck | Ttotal | Status | Flags | 
|---|---|---|---|---|---|---|
| r-devel-linux-x86_64-debian-clang | 1.0 | 19.06 | 86.37 | 105.43 | NOTE | |
| r-devel-linux-x86_64-debian-gcc | 1.0 | 14.69 | 61.81 | 76.50 | NOTE | |
| r-devel-linux-x86_64-fedora-clang | 1.0 | 36.00 | 122.52 | 158.52 | OK | |
| r-devel-linux-x86_64-fedora-gcc | 1.0 | 38.00 | 115.39 | 153.39 | OK | |
| r-devel-windows-x86_64 | 1.0 | 16.00 | 91.00 | 107.00 | OK | |
| r-patched-linux-x86_64 | 1.0 | 17.72 | 83.45 | 101.17 | OK | |
| r-release-linux-x86_64 | 1.0 | 17.49 | 83.80 | 101.29 | OK | |
| r-release-macos-arm64 | 1.0 | 21.00 | 48.00 | 69.00 | OK | |
| r-release-macos-x86_64 | 1.0 | 23.00 | 86.00 | 109.00 | OK | |
| r-release-windows-x86_64 | 1.0 | 17.00 | 94.00 | 111.00 | OK | |
| r-oldrel-macos-arm64 | 1.0 | 11.00 | 40.00 | 51.00 | OK | |
| r-oldrel-macos-x86_64 | 1.0 | 17.00 | 62.00 | 79.00 | OK | |
| r-oldrel-windows-x86_64 | 1.0 | 25.00 | 112.00 | 137.00 | OK | 
Version: 1.0
Check: CRAN incoming feasibility
Result: NOTE
  Maintainer: ‘Michael Swanson <dms866@mail.harvard.edu>’
  
  No Authors@R field in DESCRIPTION.
  Please add one, modifying
    Authors@R: person(given = "Michael",
                      family = "Swanson",
                      role = c("aut", "cre"),
                      email = "dms866@mail.harvard.edu")
  as necessary.
Flavors: r-devel-linux-x86_64-debian-clang, r-devel-linux-x86_64-debian-gcc