Last updated on 2025-10-31 01:49:17 CET.
| Flavor | Version | Tinstall | Tcheck | Ttotal | Status | Flags | 
|---|---|---|---|---|---|---|
| r-devel-linux-x86_64-debian-clang | 0.3.1 | 4.89 | 65.01 | 69.90 | NOTE | |
| r-devel-linux-x86_64-debian-gcc | 0.3.1 | 3.43 | 46.61 | 50.04 | NOTE | |
| r-devel-linux-x86_64-fedora-clang | 0.3.1 | 14.00 | 87.42 | 101.42 | NOTE | |
| r-devel-linux-x86_64-fedora-gcc | 0.3.1 | 23.00 | 92.71 | 115.71 | NOTE | |
| r-devel-windows-x86_64 | 0.3.1 | 8.00 | 84.00 | 92.00 | OK | |
| r-patched-linux-x86_64 | 0.3.1 | 6.23 | 54.28 | 60.51 | OK | |
| r-release-linux-x86_64 | 0.3.1 | 5.05 | 53.93 | 58.98 | OK | |
| r-release-macos-arm64 | 0.3.1 | 4.00 | 79.00 | 83.00 | OK | |
| r-release-macos-x86_64 | 0.3.1 | 5.00 | 109.00 | 114.00 | OK | |
| r-release-windows-x86_64 | 0.3.1 | 8.00 | 86.00 | 94.00 | OK | |
| r-oldrel-macos-arm64 | 0.3.1 | 3.00 | 59.00 | 62.00 | NOTE | |
| r-oldrel-macos-x86_64 | 0.3.1 | 5.00 | 139.00 | 144.00 | NOTE | |
| r-oldrel-windows-x86_64 | 0.3.1 | 10.00 | 102.00 | 112.00 | NOTE | 
Version: 0.3.1
Check: Rd files
Result: NOTE
  checkRd: (-1) Triact.Rd:175-182: Only 4 columns allowed in this table (row 1 has 3)
  checkRd: (-1) Triact.Rd:175-182: Only 4 columns allowed in this table (row 2 has 3)
  checkRd: (-1) Triact.Rd:175-182: Only 4 columns allowed in this table (row 3 has 3)
  checkRd: (-1) Triact.Rd:175-182: Only 4 columns allowed in this table (row 4 has 3)
  checkRd: (-1) Triact.Rd:175-182: Only 4 columns allowed in this table (row 5 has 3)
  checkRd: (-1) Triact.Rd:175-182: Only 4 columns allowed in this table (row 6 has 3)
  checkRd: (-1) cows_5hz.Rd:7-14: Only 4 columns allowed in this table (row 1 has 3)
  checkRd: (-1) cows_5hz.Rd:7-14: Only 4 columns allowed in this table (row 2 has 3)
  checkRd: (-1) cows_5hz.Rd:7-14: Only 4 columns allowed in this table (row 3 has 3)
  checkRd: (-1) cows_5hz.Rd:7-14: Only 4 columns allowed in this table (row 4 has 3)
  checkRd: (-1) cows_5hz.Rd:7-14: Only 4 columns allowed in this table (row 5 has 3)
  checkRd: (-1) cows_5hz.Rd:7-14: Only 4 columns allowed in this table (row 6 has 3)
Flavors: r-devel-linux-x86_64-debian-clang, r-devel-linux-x86_64-debian-gcc, r-devel-linux-x86_64-fedora-clang, r-devel-linux-x86_64-fedora-gcc
Version: 0.3.1
Check: installed package size
Result: NOTE
    installed size is 17.7Mb
    sub-directories of 1Mb or more:
      data      1.3Mb
      doc       1.3Mb
      extdata  14.8Mb
Flavors: r-oldrel-macos-arm64, r-oldrel-macos-x86_64, r-oldrel-windows-x86_64