CRAN Package Check Results for Package togglr

Last updated on 2025-11-11 09:50:26 CET.

Flavor Version Tinstall Tcheck Ttotal Status Flags
r-devel-linux-x86_64-debian-clang 0.2.1 5.72 52.98 58.70 NOTE
r-devel-linux-x86_64-debian-gcc 0.2.1 4.34 39.55 43.89 NOTE
r-devel-linux-x86_64-fedora-clang 0.2.1 16.00 73.38 89.38 NOTE
r-devel-linux-x86_64-fedora-gcc 0.2.1 14.00 85.56 99.56 NOTE
r-devel-windows-x86_64 0.2.1 8.00 69.00 77.00 NOTE
r-patched-linux-x86_64 0.2.1 6.06 48.87 54.93 NOTE
r-release-linux-x86_64 0.2.1 5.59 48.84 54.43 NOTE
r-release-macos-arm64 0.2.1 3.00 31.00 34.00 NOTE
r-release-macos-x86_64 0.2.1 8.00 73.00 81.00 NOTE
r-release-windows-x86_64 0.2.1 8.00 68.00 76.00 NOTE
r-oldrel-macos-arm64 0.2.1 3.00 31.00 34.00 OK
r-oldrel-macos-x86_64 0.2.1 4.00 48.00 52.00 OK
r-oldrel-windows-x86_64 0.2.1 10.00 81.00 91.00 OK

Check Details

Version: 0.2.1
Check: DESCRIPTION meta-information
Result: NOTE Missing dependency on R >= 4.1.0 because package code uses the pipe |> or function shorthand \(...) syntax added in R 4.1.0. File(s) using such syntax: ‘Get_time_entries.R’ Flavors: r-devel-linux-x86_64-debian-clang, r-devel-linux-x86_64-debian-gcc, r-devel-linux-x86_64-fedora-clang, r-devel-linux-x86_64-fedora-gcc, r-devel-windows-x86_64, r-patched-linux-x86_64, r-release-linux-x86_64, r-release-macos-arm64, r-release-macos-x86_64, r-release-windows-x86_64