Last updated on 2025-11-15 17:49:06 CET.
| Flavor | Version | Tinstall | Tcheck | Ttotal | Status | Flags |
|---|---|---|---|---|---|---|
| r-devel-linux-x86_64-debian-clang | 1.3-0.0 | 2.57 | 29.94 | 32.51 | NOTE | |
| r-devel-linux-x86_64-debian-gcc | 1.3-0.0 | 2.06 | 24.66 | 26.72 | NOTE | |
| r-devel-linux-x86_64-fedora-clang | 1.3-0.0 | 51.00 | OK | |||
| r-devel-linux-x86_64-fedora-gcc | 1.3-0.0 | 62.84 | OK | |||
| r-devel-windows-x86_64 | 1.3-0.0 | 6.00 | 48.00 | 54.00 | OK | |
| r-patched-linux-x86_64 | 1.3-0.0 | 2.37 | 28.75 | 31.12 | OK | |
| r-release-linux-x86_64 | 1.3-0.0 | 2.57 | 28.77 | 31.34 | OK | |
| r-release-macos-arm64 | 1.3-0.0 | 1.00 | 36.00 | 37.00 | OK | |
| r-release-macos-x86_64 | 1.3-0.0 | 2.00 | 46.00 | 48.00 | OK | |
| r-release-windows-x86_64 | 1.3-0.0 | 5.00 | 48.00 | 53.00 | OK | |
| r-oldrel-macos-arm64 | 1.3-0.0 | 1.00 | 25.00 | 26.00 | OK | |
| r-oldrel-macos-x86_64 | 1.3-0.0 | 2.00 | 38.00 | 40.00 | OK | |
| r-oldrel-windows-x86_64 | 1.3-0.0 | 7.00 | 55.00 | 62.00 | OK |
Version: 1.3-0.0
Check: CRAN incoming feasibility
Result: NOTE
Maintainer: ‘Damian W. Betebenner <dbetebenner@nciea.org>’
Package CITATION file contains call(s) to old-style citEntry(). Please
use bibentry() instead.
Flavors: r-devel-linux-x86_64-debian-clang, r-devel-linux-x86_64-debian-gcc