CRAN Package Check Results for Package tidyplate

Last updated on 2025-11-12 17:49:05 CET.

Flavor Version Tinstall Tcheck Ttotal Status Flags
r-devel-linux-x86_64-debian-clang 2.2.0 2.85 146.71 149.56 NOTE
r-devel-linux-x86_64-debian-gcc 2.2.0 1.95 96.40 98.35 NOTE
r-devel-linux-x86_64-fedora-clang 2.2.0 230.19 NOTE
r-devel-linux-x86_64-fedora-gcc 2.2.0 238.17 NOTE
r-devel-windows-x86_64 2.2.0 5.00 139.00 144.00 NOTE
r-patched-linux-x86_64 2.2.0 2.97 134.62 137.59 NOTE
r-release-linux-x86_64 2.2.0 2.64 135.26 137.90 NOTE
r-release-macos-arm64 2.2.0 1.00 71.00 72.00 NOTE
r-release-macos-x86_64 2.2.0 2.00 167.00 169.00 NOTE
r-release-windows-x86_64 2.2.0 6.00 140.00 146.00 NOTE
r-oldrel-macos-arm64 2.2.0 2.00 67.00 69.00 OK
r-oldrel-macos-x86_64 2.2.0 3.00 118.00 121.00 OK
r-oldrel-windows-x86_64 2.2.0 8.00 184.00 192.00 OK

Check Details

Version: 2.2.0
Check: DESCRIPTION meta-information
Result: NOTE Missing dependency on R >= 4.1.0 because package code uses the pipe |> or function shorthand \(...) syntax added in R 4.1.0. File(s) using such syntax: ‘tidy_plate.R’ Flavors: r-devel-linux-x86_64-debian-clang, r-devel-linux-x86_64-debian-gcc, r-devel-linux-x86_64-fedora-clang, r-devel-linux-x86_64-fedora-gcc, r-devel-windows-x86_64, r-patched-linux-x86_64, r-release-linux-x86_64, r-release-macos-arm64, r-release-macos-x86_64, r-release-windows-x86_64