CRAN Package Check Results for Package tidyfast

Last updated on 2025-11-23 09:51:05 CET.

Flavor Version Tinstall Tcheck Ttotal Status Flags
r-devel-linux-x86_64-debian-clang 0.4.0 5.14 46.29 51.43 NOTE
r-devel-linux-x86_64-debian-gcc 0.4.0 3.24 33.32 36.56 NOTE
r-devel-linux-x86_64-fedora-clang 0.4.0 15.00 62.34 77.34 OK
r-devel-linux-x86_64-fedora-gcc 0.4.0 11.00 56.58 67.58 OK
r-devel-windows-x86_64 0.4.0 11.00 59.00 70.00 OK
r-patched-linux-x86_64 0.4.0 4.90 39.48 44.38 OK
r-release-linux-x86_64 0.4.0 4.47 39.31 43.78 OK
r-release-macos-arm64 0.4.0 OK
r-release-macos-x86_64 0.4.0 5.00 37.00 42.00 OK
r-release-windows-x86_64 0.4.0 12.00 67.00 79.00 OK
r-oldrel-macos-arm64 0.4.0 OK
r-oldrel-macos-x86_64 0.4.0 4.00 31.00 35.00 OK
r-oldrel-windows-x86_64 0.4.0 11.00 71.00 82.00 OK

Check Details

Version: 0.4.0
Check: DESCRIPTION meta-information
Result: NOTE Author field differs from that derived from Authors@R Author: ‘Tyson Barrett [aut, cre] (<https://orcid.org/0000-0002-2137-1391>), Mark Fairbanks [ctb], Ivan Leung [ctb], Indrajeet Patil [ctb] (<https://orcid.org/0000-0003-1995-6531>, @patilindrajeets)’ Authors@R: ‘Tyson Barrett [aut, cre] (ORCID: <https://orcid.org/0000-0002-2137-1391>), Mark Fairbanks [ctb], Ivan Leung [ctb], Indrajeet Patil [ctb] (ORCID: <https://orcid.org/0000-0003-1995-6531>, Twitter: @patilindrajeets)’ Flavors: r-devel-linux-x86_64-debian-clang, r-devel-linux-x86_64-debian-gcc