Last updated on 2025-11-11 05:51:28 CET.
| Flavor | Version | Tinstall | Tcheck | Ttotal | Status | Flags |
|---|---|---|---|---|---|---|
| r-devel-linux-x86_64-debian-clang | 1.1.8 | 96.93 | 137.64 | 234.57 | OK | |
| r-devel-linux-x86_64-debian-gcc | 1.1.8 | 69.65 | 119.67 | 189.32 | OK | |
| r-devel-linux-x86_64-fedora-clang | 1.1.8 | 125.00 | 259.41 | 384.41 | OK | |
| r-devel-linux-x86_64-fedora-gcc | 1.1.8 | 147.00 | 273.64 | 420.64 | OK | |
| r-devel-windows-x86_64 | 1.1.8 | 107.00 | 155.00 | 262.00 | OK | |
| r-patched-linux-x86_64 | 1.1.8 | 101.28 | 132.85 | 234.13 | OK | |
| r-release-linux-x86_64 | 1.1.8 | 101.72 | 135.14 | 236.86 | OK | |
| r-release-macos-arm64 | 1.1.8 | 45.00 | 82.00 | 127.00 | OK | |
| r-release-macos-x86_64 | 1.1.8 | 58.00 | 149.00 | 207.00 | OK | |
| r-release-windows-x86_64 | 1.1.8 | 107.00 | 153.00 | 260.00 | OK | |
| r-oldrel-macos-arm64 | 1.1.8 | 36.00 | 65.00 | 101.00 | NOTE | |
| r-oldrel-macos-x86_64 | 1.1.8 | 37.00 | 105.00 | 142.00 | NOTE | |
| r-oldrel-windows-x86_64 | 1.1.8 | 126.00 | 196.00 | 322.00 | OK |
Version: 1.1.8
Check: installed package size
Result: NOTE
installed size is 15.3Mb
sub-directories of 1Mb or more:
libs 13.8Mb
Flavors: r-oldrel-macos-arm64, r-oldrel-macos-x86_64