Last updated on 2025-11-13 05:51:09 CET.
| Flavor | Version | Tinstall | Tcheck | Ttotal | Status | Flags |
|---|---|---|---|---|---|---|
| r-devel-linux-x86_64-debian-clang | 0.2.1 | 1.65 | 21.80 | 23.45 | OK | |
| r-devel-linux-x86_64-debian-gcc | 0.2.1 | 1.40 | 18.46 | 19.86 | OK | |
| r-devel-linux-x86_64-fedora-clang | 0.2.1 | 32.87 | OK | |||
| r-devel-linux-x86_64-fedora-gcc | 0.2.1 | 31.25 | OK | |||
| r-devel-windows-x86_64 | 0.2.1 | 4.00 | 39.00 | 43.00 | OK | |
| r-patched-linux-x86_64 | 0.2.1 | 1.67 | 20.56 | 22.23 | OK | |
| r-release-linux-x86_64 | 0.2.1 | 1.53 | 20.22 | 21.75 | OK | |
| r-release-macos-arm64 | 0.2.1 | 1.00 | 14.00 | 15.00 | OK | |
| r-release-macos-x86_64 | 0.2.1 | 2.00 | 23.00 | 25.00 | OK | |
| r-release-windows-x86_64 | 0.2.1 | 4.00 | 39.00 | 43.00 | OK | |
| r-oldrel-macos-arm64 | 0.2.1 | 1.00 | 14.00 | 15.00 | NOTE | |
| r-oldrel-macos-x86_64 | 0.2.1 | 1.00 | 20.00 | 21.00 | NOTE | |
| r-oldrel-windows-x86_64 | 0.2.1 | 4.00 | 44.00 | 48.00 | NOTE |
Version: 0.2.1
Check: LazyData
Result: NOTE
'LazyData' is specified without a 'data' directory
Flavors: r-oldrel-macos-arm64, r-oldrel-macos-x86_64, r-oldrel-windows-x86_64