Last updated on 2025-11-11 21:49:21 CET.
| Flavor | Version | Tinstall | Tcheck | Ttotal | Status | Flags |
|---|---|---|---|---|---|---|
| r-devel-linux-x86_64-debian-clang | 0.9.10 | 10.54 | 252.03 | 262.57 | OK | |
| r-devel-linux-x86_64-debian-gcc | 0.9.10 | 7.42 | 178.64 | 186.06 | OK | |
| r-devel-linux-x86_64-fedora-clang | 0.9.10 | 51.00 | 375.83 | 426.83 | OK | |
| r-devel-linux-x86_64-fedora-gcc | 0.9.10 | 22.00 | 404.58 | 426.58 | OK | |
| r-devel-windows-x86_64 | 0.9.10 | 13.00 | 243.00 | 256.00 | OK | |
| r-patched-linux-x86_64 | 0.9.10 | 11.89 | 246.41 | 258.30 | OK | |
| r-release-linux-x86_64 | 0.9.10 | 10.30 | 245.06 | 255.36 | OK | |
| r-release-macos-arm64 | 0.9.10 | 5.00 | 124.00 | 129.00 | OK | |
| r-release-macos-x86_64 | 0.9.10 | 11.00 | 252.00 | 263.00 | OK | |
| r-release-windows-x86_64 | 0.9.10 | 14.00 | 238.00 | 252.00 | OK | |
| r-oldrel-macos-arm64 | 0.9.10 | 6.00 | 138.00 | 144.00 | NOTE | |
| r-oldrel-macos-x86_64 | 0.9.10 | 10.00 | 249.00 | 259.00 | NOTE | |
| r-oldrel-windows-x86_64 | 0.9.10 | 17.00 | 304.00 | 321.00 | NOTE |
Version: 0.9.10
Check: installed package size
Result: NOTE
installed size is 5.2Mb
sub-directories of 1Mb or more:
doc 4.7Mb
Flavors: r-oldrel-macos-arm64, r-oldrel-macos-x86_64, r-oldrel-windows-x86_64