Last updated on 2025-10-31 17:50:29 CET.
| Flavor | Version | Tinstall | Tcheck | Ttotal | Status | Flags | 
|---|---|---|---|---|---|---|
| r-devel-linux-x86_64-debian-clang | 0.2.0 | 5.28 | 58.01 | 63.29 | NOTE | |
| r-devel-linux-x86_64-debian-gcc | 0.2.0 | 4.19 | 42.70 | 46.89 | NOTE | |
| r-devel-linux-x86_64-fedora-clang | 0.2.0 | 12.00 | 81.31 | 93.31 | NOTE | |
| r-devel-linux-x86_64-fedora-gcc | 0.2.0 | 14.00 | 78.51 | 92.51 | NOTE | |
| r-devel-windows-x86_64 | 0.2.0 | 8.00 | 69.00 | 77.00 | NOTE | |
| r-patched-linux-x86_64 | 0.2.0 | 5.36 | 53.92 | 59.28 | NOTE | |
| r-release-linux-x86_64 | 0.2.0 | 5.31 | 53.82 | 59.13 | NOTE | |
| r-release-macos-arm64 | 0.2.0 | 2.00 | 24.00 | 26.00 | NOTE | |
| r-release-macos-x86_64 | 0.2.0 | 5.00 | 38.00 | 43.00 | NOTE | |
| r-release-windows-x86_64 | 0.2.0 | 8.00 | 71.00 | 79.00 | NOTE | |
| r-oldrel-macos-arm64 | 0.2.0 | 3.00 | 21.00 | 24.00 | NOTE | |
| r-oldrel-macos-x86_64 | 0.2.0 | 4.00 | 35.00 | 39.00 | NOTE | |
| r-oldrel-windows-x86_64 | 0.2.0 | 9.00 | 85.00 | 94.00 | NOTE | 
Version: 0.2.0
Check: Rd files
Result: NOTE
  checkRd: (-1) getFittedProbs.Rd:6-8: Lost braces
       6 | getFittedValues <- function(object) {
         |                                     ^
  checkRd: (-1) getFittedProbs.Rd:14-16: Lost braces
      14 | getFittedValues <- function(object) {
         |                                     ^
Flavors: r-devel-linux-x86_64-debian-clang, r-devel-linux-x86_64-debian-gcc, r-devel-linux-x86_64-fedora-clang, r-devel-linux-x86_64-fedora-gcc, r-devel-windows-x86_64, r-patched-linux-x86_64, r-release-linux-x86_64, r-release-macos-arm64, r-release-macos-x86_64, r-release-windows-x86_64, r-oldrel-macos-arm64, r-oldrel-macos-x86_64, r-oldrel-windows-x86_64