Last updated on 2025-10-31 05:48:56 CET.
| Flavor | Version | Tinstall | Tcheck | Ttotal | Status | Flags | 
|---|---|---|---|---|---|---|
| r-devel-linux-x86_64-debian-clang | 1.12 | 7.55 | 64.59 | 72.14 | NOTE | |
| r-devel-linux-x86_64-debian-gcc | 1.12 | 6.71 | 49.04 | 55.75 | NOTE | |
| r-devel-linux-x86_64-fedora-clang | 1.12 | 16.00 | 95.42 | 111.42 | OK | |
| r-devel-linux-x86_64-fedora-gcc | 1.12 | 18.00 | 85.60 | 103.60 | OK | |
| r-devel-windows-x86_64 | 1.12 | 8.00 | 75.00 | 83.00 | OK | |
| r-patched-linux-x86_64 | 1.12 | 7.64 | 61.08 | 68.72 | OK | |
| r-release-linux-x86_64 | 1.12 | 8.11 | 61.69 | 69.80 | OK | |
| r-release-macos-arm64 | 1.12 | 3.00 | 32.00 | 35.00 | OK | |
| r-release-macos-x86_64 | 1.12 | 6.00 | 52.00 | 58.00 | OK | |
| r-release-windows-x86_64 | 1.12 | 9.00 | 77.00 | 86.00 | OK | |
| r-oldrel-macos-arm64 | 1.12 | 4.00 | 29.00 | 33.00 | OK | |
| r-oldrel-macos-x86_64 | 1.12 | 6.00 | 42.00 | 48.00 | OK | |
| r-oldrel-windows-x86_64 | 1.12 | 12.00 | 91.00 | 103.00 | OK | 
Version: 1.12
Check: CRAN incoming feasibility
Result: NOTE
  Maintainer: ‘Jean-Eudes Dazard <jean-eudes.dazard@case.edu>’
  
  Package CITATION file contains call(s) to old-style personList() or
  as.personList().  Please use c() on person objects instead.
  Package CITATION file contains call(s) to old-style citEntry().  Please
  use bibentry() instead.
Flavors: r-devel-linux-x86_64-debian-clang, r-devel-linux-x86_64-debian-gcc