Last updated on 2025-11-04 01:51:25 CET.
| Flavor | Version | Tinstall | Tcheck | Ttotal | Status | Flags | 
|---|---|---|---|---|---|---|
| r-devel-linux-x86_64-debian-clang | 1.0.2 | 186.27 | 153.21 | 339.48 | OK | |
| r-devel-linux-x86_64-debian-gcc | 1.0.2 | 179.03 | 110.07 | 289.10 | OK | |
| r-devel-linux-x86_64-fedora-clang | 1.0.2 | 422.00 | 116.63 | 538.63 | OK | |
| r-devel-linux-x86_64-fedora-gcc | 1.0.2 | 780.00 | -79.18 | 700.82 | OK | |
| r-devel-windows-x86_64 | 1.0.2 | 196.00 | 197.00 | 393.00 | OK | |
| r-patched-linux-x86_64 | 1.0.2 | 220.01 | 149.48 | 369.49 | OK | |
| r-release-linux-x86_64 | 1.0.2 | 220.97 | 150.21 | 371.18 | OK | |
| r-release-macos-arm64 | 1.0.2 | 83.00 | 68.00 | 151.00 | OK | |
| r-release-macos-x86_64 | 1.0.2 | 204.00 | 159.00 | 363.00 | OK | |
| r-release-windows-x86_64 | 1.0.2 | 195.00 | 199.00 | 394.00 | OK | |
| r-oldrel-macos-arm64 | 1.0.1 | 59.00 | 62.00 | 121.00 | NOTE | |
| r-oldrel-macos-x86_64 | 1.0.1 | 121.00 | 98.00 | 219.00 | NOTE | 
Version: 1.0.1
Check: installed package size
Result: NOTE
    installed size is 94.3Mb
    sub-directories of 1Mb or more:
      libs  93.2Mb
Flavors: r-oldrel-macos-arm64, r-oldrel-macos-x86_64