Last updated on 2025-10-31 21:50:59 CET.
| Flavor | Version | Tinstall | Tcheck | Ttotal | Status | Flags | 
|---|---|---|---|---|---|---|
| r-devel-linux-x86_64-debian-clang | 1.0.0 | 1.77 | 41.11 | 42.88 | NOTE | |
| r-devel-linux-x86_64-debian-gcc | 1.0.0 | 1.56 | 33.37 | 34.93 | NOTE | |
| r-devel-linux-x86_64-fedora-clang | 1.0.0 | 63.80 | NOTE | |||
| r-devel-linux-x86_64-fedora-gcc | 1.0.0 | 78.01 | NOTE | |||
| r-devel-windows-x86_64 | 1.0.0 | 3.00 | 58.00 | 61.00 | NOTE | |
| r-patched-linux-x86_64 | 1.0.0 | 1.97 | 39.09 | 41.06 | NOTE | |
| r-release-linux-x86_64 | 1.0.0 | 1.69 | 39.18 | 40.87 | NOTE | |
| r-release-macos-arm64 | 1.0.0 | 1.00 | 36.00 | 37.00 | NOTE | |
| r-release-macos-x86_64 | 1.0.0 | 2.00 | 52.00 | 54.00 | NOTE | |
| r-release-windows-x86_64 | 1.0.0 | 4.00 | 56.00 | 60.00 | NOTE | |
| r-oldrel-macos-arm64 | 1.0.0 | 1.00 | 26.00 | 27.00 | OK | |
| r-oldrel-macos-x86_64 | 1.0.0 | 2.00 | 39.00 | 41.00 | OK | |
| r-oldrel-windows-x86_64 | 1.0.0 | 6.00 | 67.00 | 73.00 | OK | 
Version: 1.0.0
Check: DESCRIPTION meta-information
Result: NOTE
    Missing dependency on R >= 4.1.0 because package code uses the pipe
    |> or function shorthand \(...) syntax added in R 4.1.0.
    File(s) using such syntax:
      ‘utils.R’
Flavors: r-devel-linux-x86_64-debian-clang, r-devel-linux-x86_64-debian-gcc, r-devel-linux-x86_64-fedora-clang, r-devel-linux-x86_64-fedora-gcc, r-devel-windows-x86_64, r-patched-linux-x86_64, r-release-linux-x86_64, r-release-macos-arm64, r-release-macos-x86_64, r-release-windows-x86_64