Last updated on 2025-11-20 01:48:48 CET.
| Flavor | Version | Tinstall | Tcheck | Ttotal | Status | Flags |
|---|---|---|---|---|---|---|
| r-devel-linux-x86_64-debian-clang | 0.1.5 | 6.62 | 50.69 | 57.31 | NOTE | |
| r-devel-linux-x86_64-debian-gcc | 0.1.5 | 4.04 | 37.23 | 41.27 | NOTE | |
| r-devel-linux-x86_64-fedora-clang | 0.1.5 | 19.00 | 66.66 | 85.66 | NOTE | |
| r-devel-linux-x86_64-fedora-gcc | 0.1.5 | 25.00 | 58.62 | 83.62 | NOTE | |
| r-devel-windows-x86_64 | 0.1.5 | 10.00 | 69.00 | 79.00 | NOTE | |
| r-patched-linux-x86_64 | 0.1.5 | 7.26 | 45.28 | 52.54 | NOTE | |
| r-release-linux-x86_64 | 0.1.5 | 6.54 | 44.32 | 50.86 | NOTE | |
| r-release-macos-arm64 | 0.1.5 | NOTE | ||||
| r-release-macos-x86_64 | 0.1.5 | 6.00 | 43.00 | 49.00 | NOTE | |
| r-release-windows-x86_64 | 0.1.5 | 10.00 | 59.00 | 69.00 | NOTE | |
| r-oldrel-macos-arm64 | 0.1.5 | NOTE | ||||
| r-oldrel-macos-x86_64 | 0.1.5 | 4.00 | 35.00 | 39.00 | NOTE | |
| r-oldrel-windows-x86_64 | 0.1.5 | 12.00 | 70.00 | 82.00 | NOTE |
Version: 0.1.5
Check: Rd files
Result: NOTE
checkRd: (-1) speech_recompiler.Rd:25: Lost braces; missing escapes or markup?
25 | The default compilation is that of \ code {speech_build (., compiler = TRUE}).
| ^
Flavors: r-devel-linux-x86_64-debian-clang, r-devel-linux-x86_64-debian-gcc, r-devel-linux-x86_64-fedora-clang, r-devel-linux-x86_64-fedora-gcc, r-devel-windows-x86_64, r-patched-linux-x86_64, r-release-linux-x86_64, r-release-macos-arm64, r-release-macos-x86_64, r-release-windows-x86_64, r-oldrel-macos-arm64, r-oldrel-macos-x86_64, r-oldrel-windows-x86_64