CRAN Package Check Results for Package spedecon

Last updated on 2025-11-25 17:50:07 CET.

Flavor Version Tinstall Tcheck Ttotal Status Flags
r-devel-linux-x86_64-debian-clang 0.1 2.08 25.34 27.42 NOTE
r-devel-linux-x86_64-debian-gcc 0.1 1.53 20.57 22.10 NOTE
r-devel-linux-x86_64-fedora-clang 0.1 42.61 NOTE
r-devel-linux-x86_64-fedora-gcc 0.1 40.19 NOTE
r-devel-windows-x86_64 0.1 3.00 42.00 45.00 NOTE
r-patched-linux-x86_64 0.1 2.04 23.88 25.92 NOTE
r-release-linux-x86_64 0.1 1.88 24.18 26.06 NOTE
r-release-macos-arm64 0.1 NOTE
r-release-macos-x86_64 0.1 2.00 25.00 27.00 NOTE
r-release-windows-x86_64 0.1 4.00 43.00 47.00 NOTE
r-oldrel-macos-arm64 0.1 OK
r-oldrel-macos-x86_64 0.1 2.00 28.00 30.00 OK
r-oldrel-windows-x86_64 0.1 3.00 43.00 46.00 OK

Check Details

Version: 0.1
Check: DESCRIPTION meta-information
Result: NOTE Missing dependency on R >= 4.1.0 because package code uses the pipe |> or function shorthand \(...) syntax added in R 4.1.0. File(s) using such syntax: ‘innprod.R’ ‘utils.R’ Flavors: r-devel-linux-x86_64-debian-clang, r-devel-linux-x86_64-debian-gcc, r-devel-linux-x86_64-fedora-clang, r-devel-linux-x86_64-fedora-gcc, r-devel-windows-x86_64, r-patched-linux-x86_64, r-release-linux-x86_64, r-release-macos-arm64, r-release-macos-x86_64, r-release-windows-x86_64