Last updated on 2025-10-31 17:50:28 CET.
| Flavor | Version | Tinstall | Tcheck | Ttotal | Status | Flags | 
|---|---|---|---|---|---|---|
| r-devel-linux-x86_64-debian-clang | 1.8 | 320.44 | 221.87 | 542.31 | OK | |
| r-devel-linux-x86_64-debian-gcc | 1.8 | 209.04 | 137.93 | 346.97 | OK | |
| r-devel-linux-x86_64-fedora-clang | 1.8 | 557.00 | 442.80 | 999.80 | OK | |
| r-devel-linux-x86_64-fedora-gcc | 1.8 | 472.00 | 452.34 | 924.34 | OK | |
| r-devel-windows-x86_64 | 1.8 | 347.00 | 198.00 | 545.00 | OK | |
| r-patched-linux-x86_64 | 1.8 | 308.26 | 202.71 | 510.97 | OK | |
| r-release-linux-x86_64 | 1.8 | 315.75 | 205.02 | 520.77 | OK | |
| r-release-macos-arm64 | 1.8 | 112.00 | 83.00 | 195.00 | OK | |
| r-release-macos-x86_64 | 1.8 | 107.00 | 192.00 | 299.00 | OK | |
| r-release-windows-x86_64 | 1.8 | 353.00 | 196.00 | 549.00 | OK | |
| r-oldrel-macos-arm64 | 1.8 | 92.00 | 76.00 | 168.00 | NOTE | |
| r-oldrel-macos-x86_64 | 1.8 | 105.00 | 204.00 | 309.00 | NOTE | |
| r-oldrel-windows-x86_64 | 1.8 | 413.00 | 271.00 | 684.00 | OK | 
Version: 1.8
Check: installed package size
Result: NOTE
    installed size is 28.3Mb
    sub-directories of 1Mb or more:
      case   1.9Mb
      libs  25.7Mb
Flavors: r-oldrel-macos-arm64, r-oldrel-macos-x86_64