Last updated on 2025-11-11 17:50:13 CET.
| Flavor | Version | Tinstall | Tcheck | Ttotal | Status | Flags |
|---|---|---|---|---|---|---|
| r-devel-linux-x86_64-debian-clang | 0.5-4 | 3.41 | 41.11 | 44.52 | NOTE | |
| r-devel-linux-x86_64-debian-gcc | 0.5-4 | 2.88 | 31.55 | 34.43 | NOTE | |
| r-devel-linux-x86_64-fedora-clang | 0.5-4 | 68.54 | OK | |||
| r-devel-linux-x86_64-fedora-gcc | 0.5-4 | 15.00 | 69.77 | 84.77 | OK | |
| r-devel-windows-x86_64 | 0.5-4 | 7.00 | 58.00 | 65.00 | OK | |
| r-patched-linux-x86_64 | 0.5-4 | 4.32 | 37.59 | 41.91 | OK | |
| r-release-linux-x86_64 | 0.5-4 | 3.59 | 38.51 | 42.10 | OK | |
| r-release-macos-arm64 | 0.5-4 | 2.00 | 43.00 | 45.00 | OK | |
| r-release-macos-x86_64 | 0.5-4 | 4.00 | 70.00 | 74.00 | OK | |
| r-release-windows-x86_64 | 0.5-4 | 5.00 | 57.00 | 62.00 | OK | |
| r-oldrel-macos-arm64 | 0.5-4 | 2.00 | 41.00 | 43.00 | OK | |
| r-oldrel-macos-x86_64 | 0.5-4 | 3.00 | 52.00 | 55.00 | OK | |
| r-oldrel-windows-x86_64 | 0.5-4 | 5.00 | 66.00 | 71.00 | OK |
Version: 0.5-4
Check: DESCRIPTION meta-information
Result: NOTE
Author field differs from that derived from Authors@R
Author: ‘George Vega Yon [aut, cre] (<https://orcid.org/0000-0002-3171-0844>), Paul Marjoram [ctb, ths] (<https://orcid.org/0000-0003-0824-7449>), National Cancer Institute (NCI) [fnd] (Grant Number 5P01CA196569-02), Michael Schubert [rev] (JOSS reviewer, <https://orcid.org/0000-0002-6862-5221>), Michel Lang [rev] (JOSS reviewer, <https://orcid.org/0000-0001-9754-0393>)’
Authors@R: ‘George Vega Yon [aut, cre] (ORCID: <https://orcid.org/0000-0002-3171-0844>), Paul Marjoram [ctb, ths] (ORCID: <https://orcid.org/0000-0003-0824-7449>), National Cancer Institute (NCI) [fnd] (Grant Number 5P01CA196569-02), Michael Schubert [rev] (what: JOSS reviewer, ORCID: <https://orcid.org/0000-0002-6862-5221>), Michel Lang [rev] (what: JOSS reviewer, ORCID: <https://orcid.org/0000-0001-9754-0393>)’
Flavors: r-devel-linux-x86_64-debian-clang, r-devel-linux-x86_64-debian-gcc