Last updated on 2025-11-11 17:50:13 CET.
| Flavor | Version | Tinstall | Tcheck | Ttotal | Status | Flags |
|---|---|---|---|---|---|---|
| r-devel-linux-x86_64-debian-clang | 1.2.12 | 39.14 | 59.12 | 98.26 | OK | |
| r-devel-linux-x86_64-debian-gcc | 1.2.12 | 26.66 | 41.19 | 67.85 | OK | |
| r-devel-linux-x86_64-fedora-clang | 1.2.12 | 64.00 | 87.90 | 151.90 | OK | |
| r-devel-linux-x86_64-fedora-gcc | 1.2.12 | 215.00 | -40.85 | 174.15 | OK | |
| r-devel-windows-x86_64 | 1.2.12 | 44.00 | 104.00 | 148.00 | OK | |
| r-patched-linux-x86_64 | 1.2.12 | 38.37 | 53.35 | 91.72 | OK | |
| r-release-linux-x86_64 | 1.2.12 | 42.49 | 55.65 | 98.14 | OK | |
| r-release-macos-arm64 | 1.2.12 | 18.00 | 30.00 | 48.00 | OK | |
| r-release-macos-x86_64 | 1.2.12 | 40.00 | 76.00 | 116.00 | OK | |
| r-release-windows-x86_64 | 1.2.12 | 44.00 | 101.00 | 145.00 | OK | |
| r-oldrel-macos-arm64 | 1.2.12 | 18.00 | 30.00 | 48.00 | NOTE | |
| r-oldrel-macos-x86_64 | 1.2.12 | 60.00 | 60.00 | 120.00 | NOTE | |
| r-oldrel-windows-x86_64 | 1.2.12 | 52.00 | 120.00 | 172.00 | OK |
Version: 1.2.12
Check: installed package size
Result: NOTE
installed size is 6.2Mb
sub-directories of 1Mb or more:
libs 5.8Mb
Flavors: r-oldrel-macos-arm64, r-oldrel-macos-x86_64