Last updated on 2025-11-10 13:52:51 CET.
| Flavor | Version | Tinstall | Tcheck | Ttotal | Status | Flags |
|---|---|---|---|---|---|---|
| r-devel-linux-x86_64-debian-clang | 0.3.2 | 4.78 | 187.15 | 191.93 | OK | |
| r-devel-linux-x86_64-debian-gcc | 0.3.2 | 3.66 | 131.63 | 135.29 | OK | |
| r-devel-linux-x86_64-fedora-clang | 0.3.2 | 18.00 | 287.06 | 305.06 | OK | |
| r-devel-linux-x86_64-fedora-gcc | 0.3.2 | 12.00 | 285.52 | 297.52 | OK | |
| r-devel-windows-x86_64 | 0.3.2 | 9.00 | 181.00 | 190.00 | OK | |
| r-patched-linux-x86_64 | 0.3.2 | 6.25 | 177.03 | 183.28 | OK | |
| r-release-linux-x86_64 | 0.3.2 | 5.57 | 177.54 | 183.11 | OK | |
| r-release-macos-arm64 | 0.3.2 | 2.00 | 109.00 | 111.00 | OK | |
| r-release-macos-x86_64 | 0.3.2 | 5.00 | 163.00 | 168.00 | OK | |
| r-release-windows-x86_64 | 0.3.2 | 8.00 | 179.00 | 187.00 | OK | |
| r-oldrel-macos-arm64 | 0.3.2 | 2.00 | 82.00 | 84.00 | OK | |
| r-oldrel-macos-x86_64 | 0.3.2 | 5.00 | 166.00 | 171.00 | OK | |
| r-oldrel-windows-x86_64 | 0.3.2 | 1.00 | 10.00 | 11.00 | ERROR |
Version: 0.3.2
Check: package dependencies
Result: ERROR
Package required but not available: 'semPlot'
See section 'The DESCRIPTION file' in the 'Writing R Extensions'
manual.
Flavor: r-oldrel-windows-x86_64