Last updated on 2025-10-31 05:48:56 CET.
| Flavor | Version | Tinstall | Tcheck | Ttotal | Status | Flags | 
|---|---|---|---|---|---|---|
| r-devel-linux-x86_64-debian-clang | 1.2.0 | 6.40 | 52.19 | 58.59 | NOTE | |
| r-devel-linux-x86_64-debian-gcc | 1.2.0 | 5.28 | 39.40 | 44.68 | NOTE | |
| r-devel-linux-x86_64-fedora-clang | 1.2.0 | 12.00 | 76.10 | 88.10 | OK | |
| r-devel-linux-x86_64-fedora-gcc | 1.2.0 | 14.00 | 71.89 | 85.89 | OK | |
| r-devel-windows-x86_64 | 1.2.0 | 7.00 | 64.00 | 71.00 | OK | |
| r-patched-linux-x86_64 | 1.2.0 | 6.25 | 49.30 | 55.55 | OK | |
| r-release-linux-x86_64 | 1.2.0 | 6.06 | 49.60 | 55.66 | OK | |
| r-release-macos-arm64 | 1.2.0 | 3.00 | 28.00 | 31.00 | OK | |
| r-release-macos-x86_64 | 1.2.0 | 5.00 | 56.00 | 61.00 | OK | |
| r-release-windows-x86_64 | 1.2.0 | 6.00 | 65.00 | 71.00 | OK | |
| r-oldrel-macos-arm64 | 1.2.0 | 3.00 | 24.00 | 27.00 | NOTE | |
| r-oldrel-macos-x86_64 | 1.2.0 | 4.00 | 37.00 | 41.00 | NOTE | |
| r-oldrel-windows-x86_64 | 1.2.0 | 9.00 | 77.00 | 86.00 | NOTE | 
Version: 1.2.0
Check: CRAN incoming feasibility
Result: NOTE
  Maintainer: ‘Yang Liu <zjubioly@gmail.com>’
  
  No Authors@R field in DESCRIPTION.
  Please add one, modifying
    Authors@R: c(person(given = "Yang",
                        family = "Liu",
                        role = c("aut", "cre"),
                        email = "zjubioly@gmail.com"),
                 person(given = "Francesca",
                        family = "Chiaromonte",
                        role = "aut"),
                 person(given = "Bing",
                        family = "Li",
                        role = "aut"))
  as necessary.
Flavors: r-devel-linux-x86_64-debian-clang, r-devel-linux-x86_64-debian-gcc
Version: 1.2.0
Check: LazyData
Result: NOTE
    'LazyData' is specified without a 'data' directory
Flavors: r-oldrel-macos-arm64, r-oldrel-macos-x86_64, r-oldrel-windows-x86_64