Last updated on 2024-07-01 05:48:21 CEST.
Flavor | Version | Tinstall | Tcheck | Ttotal | Status | Flags |
---|---|---|---|---|---|---|
r-devel-linux-x86_64-debian-clang | 2.6.0 | 3.84 | 34.62 | 38.46 | OK | |
r-devel-linux-x86_64-debian-gcc | 2.6.0 | 2.79 | 26.40 | 29.19 | OK | |
r-devel-linux-x86_64-fedora-clang | 2.6.0 | 52.55 | OK | |||
r-devel-linux-x86_64-fedora-gcc | 2.6.0 | 65.28 | OK | |||
r-devel-windows-x86_64 | 2.6.0 | 27.00 | 240.00 | 267.00 | NOTE | |
r-patched-linux-x86_64 | 2.6.0 | 3.59 | 32.99 | 36.58 | OK | |
r-release-linux-x86_64 | 2.6.0 | 3.16 | 34.19 | 37.35 | OK | |
r-release-macos-arm64 | 2.6.0 | 38.00 | NOTE | |||
r-release-macos-x86_64 | 2.6.0 | 52.00 | NOTE | |||
r-release-windows-x86_64 | 2.6.0 | 30.00 | 234.00 | 264.00 | NOTE | |
r-oldrel-macos-arm64 | 2.6.0 | 43.00 | NOTE | |||
r-oldrel-macos-x86_64 | 2.6.0 | 92.00 | NOTE | |||
r-oldrel-windows-x86_64 | 2.6.0 | 32.00 | 281.00 | 313.00 | NOTE |
Version: 2.6.0
Check: installed package size
Result: NOTE
installed size is 19.1Mb
sub-directories of 1Mb or more:
libs 18.7Mb
Flavors: r-devel-windows-x86_64, r-release-macos-arm64, r-release-macos-x86_64, r-release-windows-x86_64, r-oldrel-macos-arm64, r-oldrel-macos-x86_64, r-oldrel-windows-x86_64