CRAN Package Check Results for Package rslp

Last updated on 2025-11-16 13:50:37 CET.

Flavor Version Tinstall Tcheck Ttotal Status Flags
r-devel-linux-x86_64-debian-clang 0.2.0 1.52 28.00 29.52 OK
r-devel-linux-x86_64-debian-gcc 0.2.0 1.51 22.28 23.79 OK
r-devel-linux-x86_64-fedora-clang 0.2.0 42.67 OK
r-devel-linux-x86_64-fedora-gcc 0.2.0 43.52 OK
r-devel-windows-x86_64 0.2.0 4.00 45.00 49.00 OK
r-patched-linux-x86_64 0.2.0 1.98 25.39 27.37 OK
r-release-linux-x86_64 0.2.0 1.80 26.00 27.80 OK
r-release-macos-arm64 0.2.0 1.00 20.00 21.00 OK
r-release-macos-x86_64 0.2.0 2.00 30.00 32.00 OK
r-release-windows-x86_64 0.2.0 4.00 46.00 50.00 OK
r-oldrel-macos-arm64 0.2.0 1.00 17.00 18.00 NOTE
r-oldrel-macos-x86_64 0.2.0 1.00 23.00 24.00 NOTE
r-oldrel-windows-x86_64 0.2.0 4.00 52.00 56.00 NOTE

Check Details

Version: 0.2.0
Check: LazyData
Result: NOTE 'LazyData' is specified without a 'data' directory Flavors: r-oldrel-macos-arm64, r-oldrel-macos-x86_64, r-oldrel-windows-x86_64