CRAN Package Check Results for Package rroad

Last updated on 2025-11-15 05:49:03 CET.

Flavor Version Tinstall Tcheck Ttotal Status Flags
r-devel-linux-x86_64-debian-clang 0.0.5 1.66 22.73 24.39 OK
r-devel-linux-x86_64-debian-gcc 0.0.5 1.31 18.64 19.95 OK
r-devel-linux-x86_64-fedora-clang 0.0.5 37.60 OK
r-devel-linux-x86_64-fedora-gcc 0.0.5 67.16 OK
r-devel-windows-x86_64 0.0.5 4.00 42.00 46.00 OK
r-patched-linux-x86_64 0.0.5 1.71 21.67 23.38 OK
r-release-linux-x86_64 0.0.5 1.74 21.55 23.29 OK
r-release-macos-arm64 0.0.5 1.00 37.00 38.00 OK
r-release-macos-x86_64 0.0.5 2.00 67.00 69.00 OK
r-release-windows-x86_64 0.0.5 4.00 41.00 45.00 OK
r-oldrel-macos-arm64 0.0.5 1.00 23.00 24.00 NOTE
r-oldrel-macos-x86_64 0.0.5 2.00 39.00 41.00 NOTE
r-oldrel-windows-x86_64 0.0.5 4.00 47.00 51.00 NOTE

Check Details

Version: 0.0.5
Check: LazyData
Result: NOTE 'LazyData' is specified without a 'data' directory Flavors: r-oldrel-macos-arm64, r-oldrel-macos-x86_64, r-oldrel-windows-x86_64