CRAN Package Check Results for Package rquery

Last updated on 2025-11-13 13:57:31 CET.

Flavor Version Tinstall Tcheck Ttotal Status Flags
r-devel-linux-x86_64-debian-clang 1.4.99 10.74 101.41 112.15 NOTE
r-devel-linux-x86_64-debian-gcc 1.4.99 7.42 70.73 78.15 NOTE
r-devel-linux-x86_64-fedora-clang 1.4.99 53.00 125.79 178.79 NOTE
r-devel-linux-x86_64-fedora-gcc 1.4.99 19.00 156.49 175.49 NOTE
r-devel-windows-x86_64 1.4.99 9.00 129.00 138.00 NOTE
r-patched-linux-x86_64 1.4.99 11.76 93.49 105.25 NOTE
r-release-linux-x86_64 1.4.99 8.95 93.06 102.01 NOTE
r-release-macos-arm64 1.4.99 5.00 66.00 71.00 NOTE
r-release-macos-x86_64 1.4.99 11.00 142.00 153.00 NOTE
r-release-windows-x86_64 1.4.99 10.00 124.00 134.00 NOTE
r-oldrel-macos-arm64 1.4.99 4.00 113.00 117.00 NOTE
r-oldrel-macos-x86_64 1.4.99 7.00 88.00 95.00 NOTE
r-oldrel-windows-x86_64 1.4.99 17.00 150.00 167.00 NOTE

Check Details

Version: 1.4.99
Check: Rd files
Result: NOTE checkRd: (-1) ex.Rd:20: Lost braces 20 | Execute a ops-dag using `code{wrap()}` data as values. | ^ checkRd: (-1) sql_node.Rd:29: Lost braces; missing escapes or markup? 29 | \item{expand_braces}{logical if TRUE use {col} notation to ensure {col} is a column name.} | ^ checkRd: (-1) sql_node.Rd:29: Lost braces; missing escapes or markup? 29 | \item{expand_braces}{logical if TRUE use {col} notation to ensure {col} is a column name.} | ^ Flavors: r-devel-linux-x86_64-debian-clang, r-devel-linux-x86_64-debian-gcc, r-devel-linux-x86_64-fedora-clang, r-devel-linux-x86_64-fedora-gcc, r-devel-windows-x86_64, r-patched-linux-x86_64, r-release-linux-x86_64, r-release-macos-arm64, r-release-macos-x86_64, r-release-windows-x86_64, r-oldrel-macos-arm64, r-oldrel-macos-x86_64, r-oldrel-windows-x86_64