CRAN Package Check Results for Package rmdHelpers

Last updated on 2025-11-23 17:50:24 CET.

Flavor Version Tinstall Tcheck Ttotal Status Flags
r-devel-linux-x86_64-debian-clang 1.3.1 4.39 35.22 39.61 NOTE
r-devel-linux-x86_64-debian-gcc 1.3.1 3.03 27.22 30.25 NOTE
r-devel-linux-x86_64-fedora-clang 1.3.1 11.00 48.75 59.75 OK
r-devel-linux-x86_64-fedora-gcc 1.3.1 10.00 46.41 56.41 OK
r-devel-windows-x86_64 1.3.1 9.00 51.00 60.00 OK
r-patched-linux-x86_64 1.3.1 4.58 33.03 37.61 OK
r-release-linux-x86_64 1.3.1 4.30 32.90 37.20 OK
r-release-macos-arm64 1.3.1 OK
r-release-macos-x86_64 1.3.1 3.00 30.00 33.00 OK
r-release-windows-x86_64 1.3.1 6.00 60.00 66.00 OK
r-oldrel-macos-arm64 1.3.1 OK
r-oldrel-macos-x86_64 1.3.1 6.00 49.00 55.00 OK
r-oldrel-windows-x86_64 1.3.1 7.00 59.00 66.00 OK

Check Details

Version: 1.3.1
Check: CRAN incoming feasibility
Result: NOTE Maintainer: ‘Mark Peterson <mark.phillip.peterson@gmail.com>’ No Authors@R field in DESCRIPTION. Please add one, modifying Authors@R: person(given = "Mark", family = "Peterson", role = c("aut", "cre"), email = "mark.phillip.peterson@gmail.com") as necessary. Flavors: r-devel-linux-x86_64-debian-clang, r-devel-linux-x86_64-debian-gcc