Last updated on 2025-11-13 05:51:04 CET.
| Flavor | Version | Tinstall | Tcheck | Ttotal | Status | Flags |
|---|---|---|---|---|---|---|
| r-devel-linux-x86_64-debian-clang | 1.0.2 | 112.88 | 91.34 | 204.22 | OK | |
| r-devel-linux-x86_64-debian-gcc | 1.0.2 | 93.01 | 62.58 | 155.59 | OK | |
| r-devel-linux-x86_64-fedora-clang | 1.0.2 | 139.00 | 179.36 | 318.36 | OK | |
| r-devel-linux-x86_64-fedora-gcc | 1.0.2 | 213.00 | 163.25 | 376.25 | OK | |
| r-devel-windows-x86_64 | 1.0.2 | 113.00 | 123.00 | 236.00 | OK | |
| r-patched-linux-x86_64 | 1.0.2 | 128.90 | 90.96 | 219.86 | OK | |
| r-release-linux-x86_64 | 1.0.2 | 125.41 | 91.52 | 216.93 | OK | |
| r-release-macos-arm64 | 1.0.2 | 45.00 | 31.00 | 76.00 | OK | |
| r-release-macos-x86_64 | 1.0.2 | 73.00 | 100.00 | 173.00 | OK | |
| r-release-windows-x86_64 | 1.0.2 | 114.00 | 125.00 | 239.00 | OK | |
| r-oldrel-macos-arm64 | 1.0.2 | 50.00 | 34.00 | 84.00 | NOTE | |
| r-oldrel-macos-x86_64 | 1.0.2 | 65.00 | 64.00 | 129.00 | NOTE | |
| r-oldrel-windows-x86_64 | 1.0.2 | 140.00 | 155.00 | 295.00 | OK |
Version: 1.0.2
Check: installed package size
Result: NOTE
installed size is 44.8Mb
sub-directories of 1Mb or more:
libs 44.2Mb
Flavors: r-oldrel-macos-arm64, r-oldrel-macos-x86_64