Last updated on 2025-11-16 01:49:28 CET.
| Flavor | Version | Tinstall | Tcheck | Ttotal | Status | Flags |
|---|---|---|---|---|---|---|
| r-devel-linux-x86_64-debian-clang | 1.0.8 | 9.95 | 88.19 | 98.14 | OK | |
| r-devel-linux-x86_64-debian-gcc | 1.0.8 | 6.19 | 65.02 | 71.21 | NOTE | |
| r-devel-linux-x86_64-fedora-clang | 1.0.8 | 20.00 | 134.11 | 154.11 | OK | |
| r-devel-linux-x86_64-fedora-gcc | 1.0.8 | 23.00 | 136.87 | 159.87 | OK | |
| r-devel-windows-x86_64 | 1.0.8 | 12.00 | 102.00 | 114.00 | OK | |
| r-patched-linux-x86_64 | 1.0.8 | 8.77 | 84.39 | 93.16 | OK | |
| r-release-linux-x86_64 | 1.0.8 | 8.79 | 85.24 | 94.03 | OK | |
| r-release-macos-arm64 | 1.0.8 | 4.00 | 46.00 | 50.00 | OK | |
| r-release-macos-x86_64 | 1.0.8 | 15.00 | 114.00 | 129.00 | OK | |
| r-release-windows-x86_64 | 1.0.8 | 10.00 | 102.00 | 112.00 | OK | |
| r-oldrel-macos-arm64 | 1.0.8 | 4.00 | 50.00 | 54.00 | OK | |
| r-oldrel-macos-x86_64 | 1.0.8 | 8.00 | 138.00 | 146.00 | OK | |
| r-oldrel-windows-x86_64 | 1.0.8 | 14.00 | 127.00 | 141.00 | OK |
Version: 1.0.8
Check: CRAN incoming feasibility
Result: NOTE
Maintainer: ‘Amy D Willis <adwillis@uw.edu>’
The BugReports field in DESCRIPTION has
https://github.com/statdivlab/rigr/issues/
which should likely be
https://github.com/statdivlab/rigr/issues/issues
instead.
Flavor: r-devel-linux-x86_64-debian-gcc