Last updated on 2025-11-15 17:48:59 CET.
| Flavor | Version | Tinstall | Tcheck | Ttotal | Status | Flags |
|---|---|---|---|---|---|---|
| r-devel-linux-x86_64-debian-clang | 2.0.0 | 7.39 | 180.41 | 187.80 | OK | |
| r-devel-linux-x86_64-debian-gcc | 2.0.0 | 5.04 | 124.56 | 129.60 | OK | |
| r-devel-linux-x86_64-fedora-clang | 2.0.0 | 30.00 | 290.92 | 320.92 | OK | |
| r-devel-linux-x86_64-fedora-gcc | 2.0.0 | 36.00 | 287.24 | 323.24 | OK | |
| r-devel-windows-x86_64 | 2.0.0 | 11.00 | 316.00 | 327.00 | OK | |
| r-patched-linux-x86_64 | 2.0.0 | 8.03 | 173.54 | 181.57 | OK | |
| r-release-linux-x86_64 | 2.0.0 | 7.00 | 174.23 | 181.23 | OK | |
| r-release-macos-arm64 | 2.0.0 | 4.00 | 186.00 | 190.00 | OK | |
| r-release-macos-x86_64 | 2.0.0 | 10.00 | 284.00 | 294.00 | OK | |
| r-release-windows-x86_64 | 2.0.0 | 11.00 | 304.00 | 315.00 | OK | |
| r-oldrel-macos-arm64 | 2.0.0 | 6.00 | 192.00 | 198.00 | NOTE | |
| r-oldrel-macos-x86_64 | 2.0.0 | 8.00 | 254.00 | 262.00 | NOTE | |
| r-oldrel-windows-x86_64 | 2.0.0 | 12.00 | 377.00 | 389.00 | NOTE |
Version: 2.0.0
Check: installed package size
Result: NOTE
installed size is 5.6Mb
sub-directories of 1Mb or more:
data 3.5Mb
doc 1.8Mb
Flavors: r-oldrel-macos-arm64, r-oldrel-macos-x86_64, r-oldrel-windows-x86_64