Last updated on 2025-11-04 01:51:20 CET.
| Flavor | Version | Tinstall | Tcheck | Ttotal | Status | Flags | 
|---|---|---|---|---|---|---|
| r-devel-linux-x86_64-debian-clang | 0.1.18 | 11.61 | 148.52 | 160.13 | OK | |
| r-devel-linux-x86_64-debian-gcc | 0.1.18 | 7.58 | 95.34 | 102.92 | OK | |
| r-devel-linux-x86_64-fedora-clang | 0.1.18 | 23.00 | 202.75 | 225.75 | OK | |
| r-devel-linux-x86_64-fedora-gcc | 0.1.18 | 22.00 | 214.00 | 236.00 | OK | |
| r-devel-windows-x86_64 | 0.1.18 | 14.00 | 247.00 | 261.00 | OK | |
| r-patched-linux-x86_64 | 0.1.18 | 11.93 | 139.38 | 151.31 | OK | |
| r-release-linux-x86_64 | 0.1.18 | 11.23 | 139.04 | 150.27 | OK | |
| r-release-macos-arm64 | 0.1.18 | 4.00 | 134.00 | 138.00 | OK | |
| r-release-macos-x86_64 | 0.1.18 | 12.00 | 194.00 | 206.00 | OK | |
| r-release-windows-x86_64 | 0.1.18 | 17.00 | 232.00 | 249.00 | ERROR | |
| r-oldrel-macos-arm64 | 0.1.18 | 5.00 | 143.00 | 148.00 | OK | |
| r-oldrel-macos-x86_64 | 0.1.18 | 9.00 | 177.00 | 186.00 | OK | |
| r-oldrel-windows-x86_64 | 0.1.18 | 21.00 | 272.00 | 293.00 | OK | 
Version: 0.1.18
Check: re-building of vignette outputs
Result: ERROR
  Error(s) in re-building vignettes:
  --- re-building 'V_01.Rmd' using rmarkdown
  --- finished re-building 'V_01.Rmd'
  
  --- re-building 'V_02.Rmd' using rmarkdown
  --- finished re-building 'V_02.Rmd'
  
  --- re-building 'V_03.Rmd' using rmarkdown
  --- finished re-building 'V_03.Rmd'
  
  --- re-building 'V_04.Rmd' using rmarkdown
  
  Quitting from V_04.Rmd:45-47 [unnamed-chunk-6]
  ~~~~~~~~~~~~~~~~~~~~~~~~~~~~~~~~~~~~~~~~~~~~~~~~~~~~~~~~~~~~~~~~~~~~~~~~~~~~~~~~
  NULL
  ~~~~~~~~~~~~~~~~~~~~~~~~~~~~~~~~~~~~~~~~~~~~~~~~~~~~~~~~~~~~~~~~~~~~~~~~~~~~~~~~
  
  Error: processing vignette 'V_04.Rmd' failed with diagnostics:
  ℹ In argument: `Badges = purrr::map(...)`.
  Caused by error in `purrr::map()`:
  ℹ In index: 1.
  Caused by error in `UseMethod()`:
  ! no applicable method for 'xml_find_all' applied to an object of class "character"
  --- failed re-building 'V_04.Rmd'
  
  --- re-building 'V_05.Rmd' using rmarkdown
  
  Quitting from V_05.Rmd:27-29 [unnamed-chunk-2]
  ~~~~~~~~~~~~~~~~~~~~~~~~~~~~~~~~~~~~~~~~~~~~~~~~~~~~~~~~~~~~~~~~~~~~~~~~~~~~~~~~
  NULL
  ~~~~~~~~~~~~~~~~~~~~~~~~~~~~~~~~~~~~~~~~~~~~~~~~~~~~~~~~~~~~~~~~~~~~~~~~~~~~~~~~
  
  Error: processing vignette 'V_05.Rmd' failed with diagnostics:
  ℹ In index: 3.
  Caused by error in `UseMethod()`:
  ! no applicable method for 'xml_find_all' applied to an object of class "character"
  --- failed re-building 'V_05.Rmd'
  
  --- re-building 'V_06.Rmd' using rmarkdown
  --- finished re-building 'V_06.Rmd'
  
  --- re-building 'V_07.Rmd' using rmarkdown
  --- finished re-building 'V_07.Rmd'
  
  --- re-building 'ready4.Rmd' using rmarkdown
  --- finished re-building 'ready4.Rmd'
  
  SUMMARY: processing the following files failed:
    'V_04.Rmd' 'V_05.Rmd'
  
  Error: Vignette re-building failed.
  Execution halted
Flavor: r-release-windows-x86_64