Last updated on 2025-10-24 13:49:47 CEST.
| Flavor | Version | Tinstall | Tcheck | Ttotal | Status | Flags |
|---|---|---|---|---|---|---|
| r-devel-linux-x86_64-debian-clang | 0.10.1 | 8.53 | 280.20 | 288.73 | OK | |
| r-devel-linux-x86_64-debian-gcc | 0.10.1 | 5.48 | 189.09 | 194.57 | OK | |
| r-devel-linux-x86_64-fedora-clang | 0.10.1 | 21.00 | 439.55 | 460.55 | OK | |
| r-devel-linux-x86_64-fedora-gcc | 0.10.1 | 16.00 | 435.03 | 451.03 | OK | |
| r-devel-windows-x86_64 | 0.10.1 | 10.00 | 235.00 | 245.00 | OK | |
| r-patched-linux-x86_64 | 0.10.1 | 8.08 | 268.41 | 276.49 | OK | |
| r-release-linux-x86_64 | 0.10.1 | 8.11 | 266.23 | 274.34 | OK | |
| r-release-macos-arm64 | 0.10.1 | 3.00 | 93.00 | 96.00 | OK | |
| r-release-macos-x86_64 | 0.10.1 | 6.00 | 253.00 | 259.00 | OK | |
| r-release-windows-x86_64 | 0.10.1 | 10.00 | 236.00 | 246.00 | OK | |
| r-oldrel-macos-arm64 | 0.10.1 | 3.00 | 90.00 | 93.00 | NOTE | |
| r-oldrel-macos-x86_64 | 0.10.1 | 5.00 | 166.00 | 171.00 | NOTE | |
| r-oldrel-windows-x86_64 | 0.10.1 | 13.00 | 322.00 | 335.00 | NOTE |
Version: 0.10.1
Check: LazyData
Result: NOTE
'LazyData' is specified without a 'data' directory
Flavors: r-oldrel-macos-arm64, r-oldrel-macos-x86_64, r-oldrel-windows-x86_64