Last updated on 2025-10-31 09:50:27 CET.
| Flavor | Version | Tinstall | Tcheck | Ttotal | Status | Flags | 
|---|---|---|---|---|---|---|
| r-devel-linux-x86_64-debian-clang | 2.2.8 | 51.30 | 248.82 | 300.12 | OK | |
| r-devel-linux-x86_64-debian-gcc | 2.2.8 | 36.72 | 166.02 | 202.74 | OK | |
| r-devel-linux-x86_64-fedora-clang | 2.2.8 | 105.00 | 366.25 | 471.25 | OK | |
| r-devel-linux-x86_64-fedora-gcc | 2.2.8 | 112.00 | 346.68 | 458.68 | OK | |
| r-devel-windows-x86_64 | 2.2.8 | 57.00 | 256.00 | 313.00 | OK | |
| r-patched-linux-x86_64 | 2.2.8 | 50.33 | 231.82 | 282.15 | OK | |
| r-release-linux-x86_64 | 2.2.8 | 47.11 | 234.05 | 281.16 | OK | |
| r-release-macos-arm64 | 2.2.8 | 21.00 | 107.00 | 128.00 | OK | |
| r-release-macos-x86_64 | 2.2.8 | 40.00 | 219.00 | 259.00 | OK | |
| r-release-windows-x86_64 | 2.2.8 | 61.00 | 258.00 | 319.00 | OK | |
| r-oldrel-macos-arm64 | 2.2.8 | 19.00 | 111.00 | 130.00 | NOTE | |
| r-oldrel-macos-x86_64 | 2.2.8 | 48.00 | 219.00 | 267.00 | NOTE | |
| r-oldrel-windows-x86_64 | 2.2.8 | 69.00 | 343.00 | 412.00 | OK | 
Version: 2.2.8
Check: installed package size
Result: NOTE
    installed size is  5.7Mb
    sub-directories of 1Mb or more:
      libs   4.5Mb
Flavors: r-oldrel-macos-arm64, r-oldrel-macos-x86_64