CRAN Package Check Results for Package rGroovy

Last updated on 2025-11-11 14:48:56 CET.

Flavor Version Tinstall Tcheck Ttotal Status Flags
r-devel-linux-x86_64-debian-clang 1.3 3.23 33.22 36.45 NOTE
r-devel-linux-x86_64-debian-gcc 1.3 2.26 25.66 27.92 NOTE
r-devel-linux-x86_64-fedora-clang 1.3 55.62 OK
r-devel-linux-x86_64-fedora-gcc 1.3 53.14 OK
r-devel-windows-x86_64 1.3 4.00 51.00 55.00 OK
r-patched-linux-x86_64 1.3 3.03 31.71 34.74 OK
r-release-linux-x86_64 1.3 2.89 31.91 34.80 OK
r-release-macos-arm64 1.3 2.00 19.00 21.00 OK
r-release-macos-x86_64 1.3 3.00 33.00 36.00 OK
r-release-windows-x86_64 1.3 3.00 53.00 56.00 OK
r-oldrel-macos-arm64 1.3 2.00 17.00 19.00 OK
r-oldrel-macos-x86_64 1.3 2.00 27.00 29.00 OK
r-oldrel-windows-x86_64 1.3 6.00 61.00 67.00 OK

Check Details

Version: 1.3
Check: CRAN incoming feasibility
Result: NOTE Maintainer: ‘Thomas P. Fuller <thomas.fuller@coherentlogic.com>’ No Authors@R field in DESCRIPTION. Please add one, modifying Authors@R: person(given = c("Thomas", "P."), family = "Fuller", role = c("aut", "cre"), email = "thomas.fuller@coherentlogic.com") as necessary. Flavors: r-devel-linux-x86_64-debian-clang, r-devel-linux-x86_64-debian-gcc