Last updated on 2025-11-02 05:49:48 CET.
| Flavor | Version | Tinstall | Tcheck | Ttotal | Status | Flags |
|---|---|---|---|---|---|---|
| r-devel-linux-x86_64-debian-clang | 2025-07-24-3 | 2.08 | 41.52 | 43.60 | OK | |
| r-devel-linux-x86_64-debian-gcc | 2025-07-24-3 | 1.76 | 33.17 | 34.93 | OK | |
| r-devel-linux-x86_64-fedora-clang | 2025-07-24-3 | 63.42 | OK | |||
| r-devel-linux-x86_64-fedora-gcc | 2025-07-24-3 | 61.38 | OK | |||
| r-devel-windows-x86_64 | 2025-07-24-3 | 4.00 | 63.00 | 67.00 | OK | |
| r-patched-linux-x86_64 | 2025-07-24-3 | 2.14 | 39.87 | 42.01 | OK | |
| r-release-linux-x86_64 | 2025-07-24-3 | 1.96 | 40.08 | 42.04 | OK | |
| r-release-macos-arm64 | 2025-07-24-3 | 1.00 | 26.00 | 27.00 | OK | |
| r-release-macos-x86_64 | 2025-07-24-3 | 2.00 | 55.00 | 57.00 | OK | |
| r-release-windows-x86_64 | 2025-07-24-3 | 3.00 | 62.00 | 65.00 | OK | |
| r-oldrel-macos-arm64 | 2025-07-24-3 | 1.00 | 30.00 | 31.00 | NOTE | |
| r-oldrel-macos-x86_64 | 2025-07-24-3 | 2.00 | 49.00 | 51.00 | NOTE | |
| r-oldrel-windows-x86_64 | 2025-07-24-3 | 6.00 | 75.00 | 81.00 | NOTE |
Version: 2025-07-24-3
Check: installed package size
Result: NOTE
installed size is 11.0Mb
sub-directories of 1Mb or more:
data 10.8Mb
Flavors: r-oldrel-macos-arm64, r-oldrel-macos-x86_64, r-oldrel-windows-x86_64