Last updated on 2025-11-25 17:50:00 CET.
| Flavor | Version | Tinstall | Tcheck | Ttotal | Status | Flags |
|---|---|---|---|---|---|---|
| r-devel-linux-x86_64-debian-clang | 1.0.6 | 2.35 | 27.10 | 29.45 | NOTE | |
| r-devel-linux-x86_64-debian-gcc | 1.0.6 | 2.03 | 21.61 | 23.64 | NOTE | |
| r-devel-linux-x86_64-fedora-clang | 1.0.6 | 42.79 | OK | |||
| r-devel-linux-x86_64-fedora-gcc | 1.0.6 | 10.00 | 33.42 | 43.42 | OK | |
| r-devel-windows-x86_64 | 1.0.6 | 4.00 | 49.00 | 53.00 | OK | |
| r-patched-linux-x86_64 | 1.0.6 | 2.73 | 24.41 | 27.14 | OK | |
| r-release-linux-x86_64 | 1.0.6 | 2.45 | 24.76 | 27.21 | OK | |
| r-release-macos-arm64 | 1.0.6 | OK | ||||
| r-release-macos-x86_64 | 1.0.6 | 2.00 | 29.00 | 31.00 | OK | |
| r-release-windows-x86_64 | 1.0.6 | 4.00 | 50.00 | 54.00 | OK | |
| r-oldrel-macos-arm64 | 1.0.6 | OK | ||||
| r-oldrel-macos-x86_64 | 1.0.6 | 2.00 | 30.00 | 32.00 | OK | |
| r-oldrel-windows-x86_64 | 1.0.6 | 6.00 | 55.00 | 61.00 | OK |
Version: 1.0.6
Check: CRAN incoming feasibility
Result: NOTE
Maintainer: ‘Jessica J. Kraker <krakerjj@uwec.edu>’
The Description field contains
mathematical derivations and applications can be found on arXiv:
Please refer to arXiv e-prints via their arXiv DOI <doi:10.48550/arXiv.YYMM.NNNNN>.
Flavors: r-devel-linux-x86_64-debian-clang, r-devel-linux-x86_64-debian-gcc