CRAN Package Check Results for Package powerNLSEM

Last updated on 2025-11-13 09:50:58 CET.

Flavor Version Tinstall Tcheck Ttotal Status Flags
r-devel-linux-x86_64-debian-clang 0.1.2 8.83 180.00 188.83 NOTE
r-devel-linux-x86_64-debian-gcc 0.1.2 5.53 120.13 125.66 NOTE
r-devel-linux-x86_64-fedora-clang 0.1.2 19.00 273.61 292.61 NOTE
r-devel-linux-x86_64-fedora-gcc 0.1.2 21.00 279.31 300.31 NOTE
r-devel-windows-x86_64 0.1.2 11.00 167.00 178.00 NOTE
r-patched-linux-x86_64 0.1.2 8.98 171.07 180.05 NOTE
r-release-linux-x86_64 0.1.2 8.73 169.60 178.33 NOTE
r-release-macos-arm64 0.1.2 4.00 73.00 77.00 NOTE
r-release-macos-x86_64 0.1.2 7.00 143.00 150.00 NOTE
r-release-windows-x86_64 0.1.2 10.00 167.00 177.00 NOTE
r-oldrel-macos-arm64 0.1.2 4.00 75.00 79.00 OK
r-oldrel-macos-x86_64 0.1.2 6.00 134.00 140.00 OK
r-oldrel-windows-x86_64 0.1.2 15.00 230.00 245.00 OK

Check Details

Version: 0.1.2
Check: DESCRIPTION meta-information
Result: NOTE Missing dependency on R >= 4.1.0 because package code uses the pipe |> or function shorthand \(...) syntax added in R 4.1.0. File(s) using such syntax: ‘FSR.R’ ‘SR.R’ ‘helper_functions_model.R’ ‘plot.powerNLSEM.R’ ‘smart_search.R’ Flavors: r-devel-linux-x86_64-debian-clang, r-devel-linux-x86_64-debian-gcc, r-devel-linux-x86_64-fedora-clang, r-devel-linux-x86_64-fedora-gcc, r-devel-windows-x86_64, r-patched-linux-x86_64, r-release-linux-x86_64, r-release-macos-arm64, r-release-macos-x86_64, r-release-windows-x86_64