Last updated on 2025-11-20 01:48:41 CET.
| Flavor | Version | Tinstall | Tcheck | Ttotal | Status | Flags |
|---|---|---|---|---|---|---|
| r-devel-linux-x86_64-debian-clang | 0.1.1 | 3.74 | 55.42 | 59.16 | NOTE | |
| r-devel-linux-x86_64-debian-gcc | 0.1.1 | 2.77 | 43.88 | 46.65 | NOTE | |
| r-devel-linux-x86_64-fedora-clang | 0.1.1 | 88.97 | NOTE | |||
| r-devel-linux-x86_64-fedora-gcc | 0.1.1 | 99.98 | NOTE | |||
| r-devel-windows-x86_64 | 0.1.1 | 9.00 | 79.00 | 88.00 | NOTE | |
| r-patched-linux-x86_64 | 0.1.1 | 3.85 | 53.06 | 56.91 | NOTE | |
| r-release-linux-x86_64 | 0.1.1 | 3.44 | 52.82 | 56.26 | NOTE | |
| r-release-macos-arm64 | 0.1.1 | NOTE | ||||
| r-release-macos-x86_64 | 0.1.1 | 8.00 | 75.00 | 83.00 | NOTE | |
| r-release-windows-x86_64 | 0.1.1 | 6.00 | 80.00 | 86.00 | NOTE | |
| r-oldrel-macos-arm64 | 0.1.1 | OK | ||||
| r-oldrel-macos-x86_64 | 0.1.1 | 7.00 | 91.00 | 98.00 | OK | |
| r-oldrel-windows-x86_64 | 0.1.1 | 9.00 | 90.00 | 99.00 | OK |
Version: 0.1.1
Check: DESCRIPTION meta-information
Result: NOTE
Missing dependency on R >= 4.1.0 because package code uses the pipe
|> or function shorthand \(...) syntax added in R 4.1.0.
File(s) using such syntax:
‘exr-read.R’ ‘exr-types-read.R’ ‘exr-write.R’ ‘utils.R’
Flavors: r-devel-linux-x86_64-debian-clang, r-devel-linux-x86_64-debian-gcc, r-devel-linux-x86_64-fedora-clang, r-devel-linux-x86_64-fedora-gcc, r-devel-windows-x86_64, r-patched-linux-x86_64, r-release-linux-x86_64, r-release-macos-arm64, r-release-macos-x86_64, r-release-windows-x86_64