Last updated on 2025-11-19 17:48:47 CET.
| Flavor | Version | Tinstall | Tcheck | Ttotal | Status | Flags |
|---|---|---|---|---|---|---|
| r-devel-linux-x86_64-debian-clang | 0.9.2 | 3.86 | 165.14 | 169.00 | OK | |
| r-devel-linux-x86_64-debian-gcc | 0.9.2 | 2.17 | 116.09 | 118.26 | OK | |
| r-devel-linux-x86_64-fedora-clang | 0.9.2 | 258.23 | NOTE | |||
| r-devel-linux-x86_64-fedora-gcc | 0.9.2 | 270.37 | NOTE | |||
| r-devel-windows-x86_64 | 0.9.2 | 8.00 | 184.00 | 192.00 | OK | |
| r-patched-linux-x86_64 | 0.9.2 | 4.30 | 159.05 | 163.35 | OK | |
| r-release-linux-x86_64 | 0.9.2 | 3.78 | 156.75 | 160.53 | OK | |
| r-release-macos-arm64 | 0.9.2 | OK | ||||
| r-release-macos-x86_64 | 0.9.2 | 3.00 | 163.00 | 166.00 | OK | |
| r-release-windows-x86_64 | 0.9.2 | 7.00 | 179.00 | 186.00 | OK | |
| r-oldrel-macos-arm64 | 0.9.2 | OK | ||||
| r-oldrel-macos-x86_64 | 0.9.2 | 3.00 | 108.00 | 111.00 | OK | |
| r-oldrel-windows-x86_64 | 0.9.2 | 8.00 | 223.00 | 231.00 | OK |
Version: 0.9.2
Check: dependencies in R code
Result: NOTE
Namespace in Imports field not imported from: ‘methods’
All declared Imports should be used.
Flavors: r-devel-linux-x86_64-fedora-clang, r-devel-linux-x86_64-fedora-gcc