CRAN Package Check Results for Package parsnip

Last updated on 2025-10-21 21:51:28 CEST.

Flavor Version Tinstall Tcheck Ttotal Status Flags
r-devel-linux-x86_64-debian-clang 1.3.3 19.31 228.44 247.75 NOTE
r-devel-linux-x86_64-debian-gcc 1.3.3 12.49 146.73 159.22 NOTE
r-devel-linux-x86_64-fedora-clang 1.3.3 44.00 299.42 343.42 OK
r-devel-linux-x86_64-fedora-gcc 1.3.3 43.00 319.67 362.67 OK
r-devel-windows-x86_64 1.3.3 23.00 312.00 335.00 OK
r-patched-linux-x86_64 1.3.3 27.32 209.16 236.48 OK
r-release-linux-x86_64 1.3.3 20.27 208.17 228.44 OK
r-release-macos-arm64 1.3.3 7.00 94.00 101.00 OK
r-release-macos-x86_64 1.3.3 16.00 195.00 211.00 OK
r-release-windows-x86_64 1.3.3 26.00 300.00 326.00 OK
r-oldrel-macos-arm64 1.3.3 8.00 97.00 105.00 OK
r-oldrel-macos-x86_64 1.3.3 16.00 203.00 219.00 OK
r-oldrel-windows-x86_64 1.3.3 31.00 324.00 355.00 OK

Check Details

Version: 1.3.3
Check: HTML version of manual
Result: NOTE Found the following HTML validation problems: bart-internal.html:65:1 (bart-internal.Rd:22): Warning: missing </ul> before </div> convert_helpers.html:144:1 (convert_helpers.Rd:75): Warning: missing </ul> before </div> convert_stan_interval.html:54:1 (convert_stan_interval.Rd:14): Warning: missing </ul> before </div> details_C5_rules_C5.0.html:141:1 (details_C5_rules_C5.0.Rd:92): Warning: missing </ul> before </div> details_auto_ml_h2o.html:143:1 (details_auto_ml_h2o.Rd:101): Warning: missing </ul> before </div> details_bag_mars_earth.html:166:1 (details_bag_mars_earth.Rd:115): Warning: missing </ul> before </div> details_bag_mlp_nnet.html:149:1 (details_bag_mlp_nnet.Rd:102): Warning: missing </ul> before </div> details_bag_tree_C5.0.html:113:1 (details_bag_tree_C5.0.Rd:70): Warning: missing </ul> before </div> details_bag_tree_rpart.html:201:1 (details_bag_tree_rpart.Rd:148): Warning: missing </ul> before </div> details_bart_dbarts.html:191:1 (details_bart_dbarts.Rd:129): Warning: missing </ul> before </div> details_boost_tree_C5.0.html:154:1 (details_boost_tree_C5.0.Rd:101): Warning: missing </ul> before </div> details_boost_tree_h2o.html:237:1 (details_boost_tree_h2o.Rd:183): Warning: missing </ul> before </div> details_boost_tree_lightgbm.html:278:1 (details_boost_tree_lightgbm.Rd:215): Warning: missing </ul> before </div> details_boost_tree_mboost.html:125:1 (details_boost_tree_mboost.Rd:74): Warning: missing </ul> before </div> details_boost_tree_spark.html:211:1 (details_boost_tree_spark.Rd:145): Warning: missing </ul> before </div> details_boost_tree_xgboost.html:362:1 (details_boost_tree_xgboost.Rd:289): Warning: missing </ul> before </div> details_cubist_rules_Cubist.html:119:1 (details_cubist_rules_Cubist.Rd:72): Warning: missing </ul> before </div> details_decision_tree_C5.0.html:126:1 (details_decision_tree_C5.0.Rd:81): Warning: missing </ul> before </div> details_decision_tree_partykit.html:187:1 (details_decision_tree_partykit.Rd:139): Warning: missing </ul> before </div> details_decision_tree_rpart.html:197:1 (details_decision_tree_rpart.Rd:146): Warning: missing </ul> before </div> details_decision_tree_spark.html:164:1 (details_decision_tree_spark.Rd:110): Warning: missing </ul> before </div> details_discrim_flexible_earth.html:131:1 (details_discrim_flexible_earth.Rd:84): Warning: missing </ul> before </div> details_discrim_linear_MASS.html:98:1 (details_discrim_linear_MASS.Rd:60): Warning: missing </ul> before </div> details_discrim_linear_mda.html:114:1 (details_discrim_linear_mda.Rd:73): Warning: missing </ul> before </div> details_discrim_linear_sda.html:126:1 (details_discrim_linear_sda.Rd:79): Warning: missing </ul> before </div> details_discrim_linear_sparsediscrim.html:147:1 (details_discrim_linear_sparsediscrim.Rd:91): Warning: missing </ul> before </div> details_discrim_quad_MASS.html:99:1 (details_discrim_quad_MASS.Rd:61): Warning: missing </ul> before </div> details_discrim_quad_sparsediscrim.html:139:1 (details_discrim_quad_sparsediscrim.Rd:87): Warning: missing </ul> before </div> details_discrim_regularized_klaR.html:133:1 (details_discrim_regularized_klaR.Rd:83): Warning: missing </ul> before </div> details_gen_additive_mod_mgcv.html:206:1 (details_gen_additive_mod_mgcv.Rd:161): Warning: missing </ul> before </div> details_linear_reg_brulee.html:139:1 (details_linear_reg_brulee.Rd:83): Warning: missing </ul> before </div> details_linear_reg_gee.html:154:1 (details_linear_reg_gee.Rd:115): Warning: missing </ul> before </div> details_linear_reg_glm.html:143:1 (details_linear_reg_glm.Rd:103): Warning: missing </ul> before </div> details_linear_reg_glmer.html:191:1 (details_linear_reg_glmer.Rd:146): Warning: missing </ul> before </div> details_linear_reg_glmnet.html:151:1 (details_linear_reg_glmnet.Rd:100): Warning: missing </ul> before </div> details_linear_reg_gls.html:152:1 (details_linear_reg_gls.Rd:115): Warning: missing </ul> before </div> details_linear_reg_h2o.html:138:1 (details_linear_reg_h2o.Rd:98): Warning: missing </ul> before </div> details_linear_reg_keras.html:118:1 (details_linear_reg_keras.Rd:75): Warning: missing </ul> before </div> details_linear_reg_lm.html:128:1 (details_linear_reg_lm.Rd:86): Warning: missing </ul> before </div> details_linear_reg_lme.html:181:1 (details_linear_reg_lme.Rd:135): Warning: missing </ul> before </div> details_linear_reg_lmer.html:184:1 (details_linear_reg_lmer.Rd:138): Warning: missing </ul> before </div> details_linear_reg_quantreg.html:207:1 (details_linear_reg_quantreg.Rd:171): Warning: missing </ul> before </div> details_linear_reg_spark.html:171:1 (details_linear_reg_spark.Rd:106): Warning: missing </ul> before </div> details_linear_reg_stan.html:154:1 (details_linear_reg_stan.Rd:97): Warning: missing </ul> before </div> details_linear_reg_stan_glmer.html:209:1 (details_linear_reg_stan_glmer.Rd:154): Warning: missing </ul> before </div> details_logistic_reg_LiblineaR.html:132:1 (details_logistic_reg_LiblineaR.Rd:85): Warning: missing </ul> before </div> details_logistic_reg_brulee.html:139:1 (details_logistic_reg_brulee.Rd:83): Warning: missing </ul> before </div> details_logistic_reg_gee.html:154:1 (details_logistic_reg_gee.Rd:115): Warning: missing </ul> before </div> details_logistic_reg_glm.html:143:1 (details_logistic_reg_glm.Rd:103): Warning: missing </ul> before </div> details_logistic_reg_glmer.html:184:1 (details_logistic_reg_glmer.Rd:138): Warning: missing </ul> before </div> details_logistic_reg_glmnet.html:163:1 (details_logistic_reg_glmnet.Rd:105): Warning: missing </ul> before </div> details_logistic_reg_h2o.html:155:1 (details_logistic_reg_h2o.Rd:117): Warning: missing </ul> before </div> details_logistic_reg_keras.html:129:1 (details_logistic_reg_keras.Rd:84): Warning: missing </ul> before </div> details_logistic_reg_spark.html:173:1 (details_logistic_reg_spark.Rd:108): Warning: missing </ul> before </div> details_logistic_reg_stan.html:155:1 (details_logistic_reg_stan.Rd:98): Warning: missing </ul> before </div> details_logistic_reg_stan_glmer.html:208:1 (details_logistic_reg_stan_glmer.Rd:153): Warning: missing </ul> before </div> details_mars_earth.html:175:1 (details_mars_earth.Rd:122): Warning: missing </ul> before </div> details_mlp_brulee.html:203:1 (details_mlp_brulee.Rd:139): Warning: missing </ul> before </div> details_mlp_brulee_two_layer.html:221:1 (details_mlp_brulee_two_layer.Rd:155): Warning: missing </ul> before </div> details_mlp_h2o.html:219:1 (details_mlp_h2o.Rd:166): Warning: missing </ul> before </div> details_mlp_keras.html:176:1 (details_mlp_keras.Rd:123): Warning: missing </ul> before </div> details_mlp_nnet.html:168:1 (details_mlp_nnet.Rd:119): Warning: missing </ul> before </div> details_multinom_reg_brulee.html:138:1 (details_multinom_reg_brulee.Rd:82): Warning: missing </ul> before </div> details_multinom_reg_glmnet.html:162:1 (details_multinom_reg_glmnet.Rd:104): Warning: missing </ul> before </div> details_multinom_reg_h2o.html:130:1 (details_multinom_reg_h2o.Rd:92): Warning: missing </ul> before </div> details_multinom_reg_keras.html:128:1 (details_multinom_reg_keras.Rd:83): Warning: missing </ul> before </div> details_multinom_reg_nnet.html:132:1 (details_multinom_reg_nnet.Rd:83): Warning: missing </ul> before </div> details_multinom_reg_spark.html:172:1 (details_multinom_reg_spark.Rd:107): Warning: missing </ul> before </div> details_naive_Bayes_h2o.html:129:1 (details_naive_Bayes_h2o.Rd:84): Warning: missing </ul> before </div> details_naive_Bayes_klaR.html:113:1 (details_naive_Bayes_klaR.Rd:70): Warning: missing </ul> before </div> details_naive_Bayes_naivebayes.html:116:1 (details_naive_Bayes_naivebayes.Rd:73): Warning: missing </ul> before </div> details_nearest_neighbor_kknn.html:172:1 (details_nearest_neighbor_kknn.Rd:121): Warning: missing </ul> before </div> details_pls_mixOmics.html:179:1 (details_pls_mixOmics.Rd:126): Warning: missing </ul> before </div> details_poisson_reg_gee.html:151:1 (details_poisson_reg_gee.Rd:112): Warning: missing </ul> before </div> details_poisson_reg_glm.html:122:1 (details_poisson_reg_glm.Rd:85): Warning: missing </ul> before </div> details_poisson_reg_glm.html:83:1 (details_poisson_reg_glm.Rd:55): Warning: <h4> anchor "Case-weights" already defined details_poisson_reg_glmer.html:183:1 (details_poisson_reg_glmer.Rd:137): Warning: missing </ul> before </div> details_poisson_reg_glmnet.html:132:1 (details_poisson_reg_glmnet.Rd:85): Warning: missing </ul> before </div> details_poisson_reg_h2o.html:143:1 (details_poisson_reg_h2o.Rd:103): Warning: missing </ul> before </div> details_poisson_reg_hurdle.html:156:1 (details_poisson_reg_hurdle.Rd:125): Warning: missing </ul> before </div> details_poisson_reg_stan.html:157:1 (details_poisson_reg_stan.Rd:100): Warning: missing </ul> before </div> details_poisson_reg_stan_glmer.html:207:1 (details_poisson_reg_stan_glmer.Rd:152): Warning: missing </ul> before </div> details_poisson_reg_zeroinfl.html:157:1 (details_poisson_reg_zeroinfl.Rd:126): Warning: missing </ul> before </div> details_proportional_hazards_survival.html:174:1 (details_proportional_hazards_survival.Rd:136): Warning: missing </ul> before </div> details_rand_forest_aorsf.html:203:1 (details_rand_forest_aorsf.Rd:149): Warning: missing </ul> before </div> details_rand_forest_h2o.html:165:1 (details_rand_forest_h2o.Rd:123): Warning: missing </ul> before </div> details_rand_forest_partykit.html:163:1 (details_rand_forest_partykit.Rd:114): Warning: missing </ul> before </div> details_rand_forest_randomForest.html:165:1 (details_rand_forest_randomForest.Rd:118): Warning: missing </ul> before </div> details_rand_forest_ranger.html:210:1 (details_rand_forest_ranger.Rd:157): Warning: missing </ul> before </div> details_rand_forest_spark.html:189:1 (details_rand_forest_spark.Rd:133): Warning: missing </ul> before </div> details_rule_fit_h2o.html:190:1 (details_rule_fit_h2o.Rd:139): Warning: missing </ul> before </div> details_rule_fit_xrf.html:283:1 (details_rule_fit_xrf.Rd:208): Warning: missing </ul> before </div> details_survival_reg_flexsurv.html:124:1 (details_survival_reg_flexsurv.Rd:81): Warning: missing </ul> before </div> details_survival_reg_flexsurvspline.html:121:1 (details_survival_reg_flexsurvspline.Rd:78): Warning: missing </ul> before </div> details_survival_reg_survival.html:155:1 (details_survival_reg_survival.Rd:114): Warning: missing </ul> before </div> details_svm_linear_LiblineaR.html:168:1 (details_svm_linear_LiblineaR.Rd:121): Warning: missing </ul> before </div> details_svm_linear_kernlab.html:172:1 (details_svm_linear_kernlab.Rd:121): Warning: missing </ul> before </div> details_svm_poly_kernlab.html:188:1 (details_svm_poly_kernlab.Rd:133): Warning: missing </ul> before </div> details_svm_rbf_kernlab.html:186:1 (details_svm_rbf_kernlab.Rd:133): Warning: missing </ul> before </div> eval_args.html:50:1 (eval_args.Rd:12): Warning: missing </ul> before </div> glmnet-details.html:240:1 (glmnet-details.Rd:224): Warning: missing </ul> before </div> glmnet_helpers.html:72:1 (glmnet_helpers.Rd:24): Warning: missing </ul> before </div> glmnet_helpers_prediction.html:51:1 (glmnet_helpers_prediction.Rd:12): Warning: missing </ul> before </div> keras_predict_classes.html:50:1 (keras_predict_classes.Rd:12): Warning: missing </ul> before </div> matrix_to_quantile_pred.html:51:1 (matrix_to_quantile_pred.Rd:13): Warning: missing </ul> before </div> model_printer.html:51:1 (model_printer.Rd:12): Warning: missing </ul> before </div> other_predict.html:160:1 (other_predict.Rd:111): Warning: missing </ul> before </div> set_tf_seed.html:48:1 (set_tf_seed.Rd:10): Warning: missing </ul> before </div> stan_conf_int.html:50:1 (stan_conf_int.Rd:12): Warning: missing </ul> before </div> Flavors: r-devel-linux-x86_64-debian-clang, r-devel-linux-x86_64-debian-gcc