Last updated on 2025-10-16 21:49:51 CEST.
Flavor | Version | Tinstall | Tcheck | Ttotal | Status | Flags |
---|---|---|---|---|---|---|
r-devel-linux-x86_64-debian-clang | 0.5.1 | 77.50 | 53.86 | 131.36 | OK | |
r-devel-linux-x86_64-debian-gcc | 0.5.1 | 48.57 | 33.80 | 82.37 | OK | |
r-devel-linux-x86_64-fedora-gcc | 0.5.1 | 273.54 | OK | |||
r-devel-windows-x86_64 | 0.5.1 | 105.00 | 325.00 | 430.00 | OK | |
r-patched-linux-x86_64 | 0.5.1 | 74.64 | 41.14 | 115.78 | OK | |
r-release-linux-x86_64 | 0.5.1 | 74.85 | 40.95 | 115.80 | OK | |
r-release-macos-arm64 | 0.5.1 | 62.00 | OK | |||
r-release-macos-x86_64 | 0.5.1 | 68.00 | OK | |||
r-release-windows-x86_64 | 0.5.1 | 102.00 | 355.00 | 457.00 | OK | |
r-oldrel-macos-arm64 | 0.5.1 | 64.00 | NOTE | |||
r-oldrel-macos-x86_64 | 0.5.1 | 94.00 | NOTE | |||
r-oldrel-windows-x86_64 | 0.5.1 | 103.00 | 233.00 | 336.00 | NOTE |
Version: 0.5.1
Check: installed package size
Result: NOTE
installed size is 31.3Mb
sub-directories of 1Mb or more:
libs 21.0Mb
share 10.2Mb
Flavors: r-oldrel-macos-arm64, r-oldrel-macos-x86_64, r-oldrel-windows-x86_64