Last updated on 2025-11-20 13:50:10 CET.
| Flavor | Version | Tinstall | Tcheck | Ttotal | Status | Flags |
|---|---|---|---|---|---|---|
| r-devel-linux-x86_64-debian-clang | 1.0.1 | 2.12 | 43.28 | 45.40 | NOTE | |
| r-devel-linux-x86_64-debian-gcc | 1.0.1 | 1.95 | 33.53 | 35.48 | NOTE | |
| r-devel-linux-x86_64-fedora-clang | 1.0.1 | 70.04 | OK | |||
| r-devel-linux-x86_64-fedora-gcc | 1.0.1 | 83.24 | OK | |||
| r-devel-windows-x86_64 | 1.0.1 | 6.00 | 59.00 | 65.00 | OK | |
| r-patched-linux-x86_64 | 1.0.1 | 2.48 | 40.81 | 43.29 | OK | |
| r-release-linux-x86_64 | 1.0.1 | 2.50 | 40.57 | 43.07 | OK | |
| r-release-macos-arm64 | 1.0.1 | OK | ||||
| r-release-macos-x86_64 | 1.0.1 | 2.00 | 50.00 | 52.00 | OK | |
| r-release-windows-x86_64 | 1.0.1 | 4.00 | 61.00 | 65.00 | OK | |
| r-oldrel-macos-arm64 | 1.0.1 | OK | ||||
| r-oldrel-macos-x86_64 | 1.0.1 | 2.00 | 43.00 | 45.00 | OK | |
| r-oldrel-windows-x86_64 | 1.0.1 | 6.00 | 70.00 | 76.00 | OK |
Version: 1.0.1
Check: CRAN incoming feasibility
Result: NOTE
Maintainer: ‘Zeynel Cebeci <zcebeci@cukurova.edu.tr>’
Package CITATION file contains call(s) to old-style personList() or
as.personList(). Please use c() on person objects instead.
Package CITATION file contains call(s) to old-style citEntry(). Please
use bibentry() instead.
Flavors: r-devel-linux-x86_64-debian-clang, r-devel-linux-x86_64-debian-gcc