Last updated on 2025-10-21 13:49:50 CEST.
Flavor | Version | Tinstall | Tcheck | Ttotal | Status | Flags |
---|---|---|---|---|---|---|
r-devel-linux-x86_64-debian-clang | 1.5.3 | 2.55 | 34.89 | 37.44 | NOTE | |
r-devel-linux-x86_64-debian-gcc | 1.5.3 | 1.79 | 26.34 | 28.13 | NOTE | |
r-devel-linux-x86_64-fedora-clang | 1.5.3 | 53.95 | OK | |||
r-devel-linux-x86_64-fedora-gcc | 1.5.3 | 64.75 | OK | |||
r-devel-windows-x86_64 | 1.5.3 | 5.00 | 74.00 | 79.00 | OK | |
r-patched-linux-x86_64 | 1.5.3 | 3.79 | 32.33 | 36.12 | OK | |
r-release-linux-x86_64 | 1.5.3 | 2.56 | 32.75 | 35.31 | OK | |
r-release-macos-arm64 | 1.5.3 | 2.00 | 33.00 | 35.00 | OK | |
r-release-macos-x86_64 | 1.5.3 | 3.00 | 58.00 | 61.00 | OK | |
r-release-windows-x86_64 | 1.5.3 | 6.00 | 74.00 | 80.00 | OK | |
r-oldrel-macos-arm64 | 1.5.3 | 1.00 | 25.00 | 26.00 | OK | |
r-oldrel-macos-x86_64 | 1.5.3 | 37.00 | OK | |||
r-oldrel-windows-x86_64 | 1.5.3 | 5.00 | 79.00 | 84.00 | OK |
Version: 1.5.3
Check: HTML version of manual
Result: NOTE
Found the following HTML validation problems:
display.config.html:89:1 (display.config.Rd:37): Warning: missing </ul> before </div>
mssparkutils.lakehouse.delete.html:50:1 (mssparkutils.lakehouse.delete.Rd:12): Warning: missing </ul> before </div>
mssparkutils.lakehouse.help.html:49:1 (mssparkutils.lakehouse.help.Rd:10): Warning: missing </ul> before </div>
mssparkutils.notebook.updateNBSEndpoint.html:46:1 (mssparkutils.notebook.updateNBSEndpoint.Rd:10): Warning: missing </ul> before </div>
mssparkutils.runtime.setHcReplId.html:46:1 (mssparkutils.runtime.setHcReplId.Rd:10): Warning: missing </ul> before </div>
mssparkutils.session.stop.html:48:1 (mssparkutils.session.stop.Rd:12): Warning: missing </ul> before </div>
notebookutils.fabricClient.delete.html:50:1 (notebookutils.fabricClient.delete.Rd:12): Warning: missing </ul> before </div>
notebookutils.fabricClient.help.html:46:1 (notebookutils.fabricClient.help.Rd:10): Warning: missing </ul> before </div>
notebookutils.lakehouse.delete.html:50:1 (notebookutils.lakehouse.delete.Rd:12): Warning: missing </ul> before </div>
notebookutils.lakehouse.help.html:49:1 (notebookutils.lakehouse.help.Rd:10): Warning: missing </ul> before </div>
notebookutils.notebook.delete.html:50:1 (notebookutils.notebook.delete.Rd:12): Warning: missing </ul> before </div>
notebookutils.notebook.updateNBSEndpoint.html:46:1 (notebookutils.notebook.updateNBSEndpoint.Rd:10): Warning: missing </ul> before </div>
notebookutils.runtime.help.html:48:1 (notebookutils.runtime.help.Rd:11): Warning: missing </ul> before </div>
notebookutils.runtime.setHcReplId.html:46:1 (notebookutils.runtime.setHcReplId.Rd:10): Warning: missing </ul> before </div>
notebookutils.session.stop.html:48:1 (notebookutils.session.stop.Rd:12): Warning: missing </ul> before </div>
notebookutils.warehouse.delete.html:50:1 (notebookutils.warehouse.delete.Rd:12): Warning: missing </ul> before </div>
notebookutils.warehouse.help.html:49:1 (notebookutils.warehouse.help.Rd:10): Warning: missing </ul> before </div>
notebookutils.workspace.delete.html:46:1 (notebookutils.workspace.delete.Rd:10): Warning: missing </ul> before </div>
notebookutils.workspace.help.html:51:1 (notebookutils.workspace.help.Rd:10): Warning: missing </ul> before </div>
notebookutils.workspace.unassignFromCapacity.html:46:1 (notebookutils.workspace.unassignFromCapacity.Rd:10): Warning: missing </ul> before </div>
Flavors: r-devel-linux-x86_64-debian-clang, r-devel-linux-x86_64-debian-gcc