Last updated on 2025-11-03 21:50:27 CET.
| Flavor | Version | Tinstall | Tcheck | Ttotal | Status | Flags | 
|---|---|---|---|---|---|---|
| r-devel-linux-x86_64-debian-clang | 1.5 | 22.08 | 66.93 | 89.01 | NOTE | |
| r-devel-linux-x86_64-debian-gcc | 1.5 | 15.59 | 50.83 | 66.42 | NOTE | |
| r-devel-linux-x86_64-fedora-clang | 1.5 | 54.00 | 92.45 | 146.45 | OK | |
| r-devel-linux-x86_64-fedora-gcc | 1.5 | 51.00 | 98.68 | 149.68 | OK | |
| r-devel-windows-x86_64 | 1.5 | 29.00 | 98.00 | 127.00 | OK | |
| r-patched-linux-x86_64 | 1.5 | 22.05 | 63.46 | 85.51 | OK | |
| r-release-linux-x86_64 | 1.5 | 21.98 | 64.05 | 86.03 | OK | |
| r-release-macos-arm64 | 1.5 | 10.00 | 44.00 | 54.00 | OK | |
| r-release-macos-x86_64 | 1.5 | 14.00 | 84.00 | 98.00 | OK | |
| r-release-windows-x86_64 | 1.5 | 29.00 | 97.00 | 126.00 | OK | |
| r-oldrel-macos-arm64 | 1.5 | 11.00 | 36.00 | 47.00 | OK | |
| r-oldrel-macos-x86_64 | 1.5 | 13.00 | 56.00 | 69.00 | OK | |
| r-oldrel-windows-x86_64 | 1.5 | 34.00 | 125.00 | 159.00 | OK | 
Version: 1.5
Check: CRAN incoming feasibility
Result: NOTE
  Maintainer: ‘Cristian Yones <cyones@sinc.unl.edu.ar>’
  
  No Authors@R field in DESCRIPTION.
  Please add one, modifying
    Authors@R: person(given = "Cristian",
                      family = "Yones",
                      role = c("aut", "cre"),
                      email = "cyones@sinc.unl.edu.ar")
  as necessary.
Flavors: r-devel-linux-x86_64-debian-clang, r-devel-linux-x86_64-debian-gcc