Last updated on 2025-10-31 17:50:20 CET.
| Flavor | Version | Tinstall | Tcheck | Ttotal | Status | Flags | 
|---|---|---|---|---|---|---|
| r-devel-linux-x86_64-debian-clang | 1.9-3 | 96.97 | 399.79 | 496.76 | OK | |
| r-devel-linux-x86_64-debian-gcc | 1.9-3 | 62.24 | 255.07 | 317.31 | OK | |
| r-devel-linux-x86_64-fedora-clang | 1.9-3 | 220.00 | 564.68 | 784.68 | OK | |
| r-devel-linux-x86_64-fedora-gcc | 1.9-3 | 220.00 | 544.59 | 764.59 | OK | |
| r-devel-windows-x86_64 | 1.9-3 | 101.00 | 398.00 | 499.00 | OK | |
| r-patched-linux-x86_64 | 1.9-3 | 98.17 | 388.16 | 486.33 | OK | |
| r-release-linux-x86_64 | 1.9-3 | 93.99 | 387.64 | 481.63 | OK | |
| r-release-macos-arm64 | 1.9-3 | 37.00 | 149.00 | 186.00 | OK | |
| r-release-macos-x86_64 | 1.9-3 | 88.00 | 383.00 | 471.00 | OK | |
| r-release-windows-x86_64 | 1.9-3 | 103.00 | 396.00 | 499.00 | OK | |
| r-oldrel-macos-arm64 | 1.9-3 | 37.00 | 150.00 | 187.00 | NOTE | |
| r-oldrel-macos-x86_64 | 1.9-3 | 73.00 | 389.00 | 462.00 | NOTE | |
| r-oldrel-windows-x86_64 | 1.9-3 | 135.00 | 507.00 | 642.00 | OK | 
Version: 1.9-3
Check: installed package size
Result: NOTE
    installed size is  5.9Mb
    sub-directories of 1Mb or more:
      R      3.1Mb
      libs   1.7Mb
Flavors: r-oldrel-macos-arm64, r-oldrel-macos-x86_64