Last updated on 2025-11-03 21:50:27 CET.
| Flavor | Version | Tinstall | Tcheck | Ttotal | Status | Flags | 
|---|---|---|---|---|---|---|
| r-devel-linux-x86_64-debian-clang | 0.2.2 | 7.36 | 89.61 | 96.97 | NOTE | |
| r-devel-linux-x86_64-debian-gcc | 0.2.2 | 5.03 | 66.31 | 71.34 | NOTE | |
| r-devel-linux-x86_64-fedora-clang | 0.2.2 | 16.00 | 130.03 | 146.03 | OK | |
| r-devel-linux-x86_64-fedora-gcc | 0.2.2 | 15.00 | 135.76 | 150.76 | OK | |
| r-devel-windows-x86_64 | 0.2.2 | 9.00 | 90.00 | 99.00 | OK | |
| r-patched-linux-x86_64 | 0.2.2 | 6.00 | 85.08 | 91.08 | OK | |
| r-release-linux-x86_64 | 0.2.2 | 7.24 | 84.73 | 91.97 | OK | |
| r-release-macos-arm64 | 0.2.2 | 3.00 | 35.00 | 38.00 | OK | |
| r-release-macos-x86_64 | 0.2.2 | 5.00 | 69.00 | 74.00 | OK | |
| r-release-windows-x86_64 | 0.2.2 | 8.00 | 96.00 | 104.00 | OK | |
| r-oldrel-macos-arm64 | 0.2.2 | 3.00 | 36.00 | 39.00 | NOTE | |
| r-oldrel-macos-x86_64 | 0.2.2 | 4.00 | 61.00 | 65.00 | NOTE | |
| r-oldrel-windows-x86_64 | 0.2.2 | 13.00 | 106.00 | 119.00 | NOTE | 
Version: 0.2.2
Check: CRAN incoming feasibility
Result: NOTE
  Maintainer: ‘Jason Griffin <jasongriffin138@gmail.com>’
  
  Package CITATION file contains call(s) to old-style citEntry().  Please
  use bibentry() instead.
Flavors: r-devel-linux-x86_64-debian-clang, r-devel-linux-x86_64-debian-gcc
Version: 0.2.2
Check: LazyData
Result: NOTE
    'LazyData' is specified without a 'data' directory
Flavors: r-oldrel-macos-arm64, r-oldrel-macos-x86_64, r-oldrel-windows-x86_64