Last updated on 2025-07-10 01:50:50 CEST.
Flavor | Version | Tinstall | Tcheck | Ttotal | Status | Flags |
---|---|---|---|---|---|---|
r-devel-linux-x86_64-debian-clang | 0.8.4 | 9.00 | 92.49 | 101.49 | NOTE | |
r-devel-linux-x86_64-debian-gcc | 0.8.4 | 5.82 | 63.22 | 69.04 | NOTE | |
r-devel-linux-x86_64-fedora-clang | 0.8.4 | 156.13 | OK | |||
r-devel-linux-x86_64-fedora-gcc | 0.8.4 | 145.07 | OK | |||
r-devel-windows-x86_64 | 0.8.4 | 11.00 | 106.00 | 117.00 | OK | |
r-patched-linux-x86_64 | 0.8.4 | 11.30 | 87.12 | 98.42 | OK | |
r-release-linux-x86_64 | 0.8.4 | 9.26 | 86.76 | 96.02 | OK | |
r-release-macos-arm64 | 0.8.4 | 41.00 | OK | |||
r-release-macos-x86_64 | 0.8.4 | 82.00 | OK | |||
r-release-windows-x86_64 | 0.8.4 | 11.00 | 110.00 | 121.00 | OK | |
r-oldrel-macos-arm64 | 0.8.4 | 42.00 | OK | |||
r-oldrel-macos-x86_64 | 0.8.4 | 67.00 | OK | |||
r-oldrel-windows-x86_64 | 0.8.4 | 15.00 | 130.00 | 145.00 | OK |
Version: 0.8.4
Check: CRAN incoming feasibility
Result: NOTE
Maintainer: ‘Tim Bergsma <bergsmat@gmail.com>’
No Authors@R field in DESCRIPTION.
Please add one, modifying
Authors@R: person(given = "Tim",
family = "Bergsma",
role = c("aut", "cre"),
email = "bergsmat@gmail.com")
as necessary.
Flavors: r-devel-linux-x86_64-debian-clang, r-devel-linux-x86_64-debian-gcc