Last updated on 2025-10-31 05:48:46 CET.
| Flavor | Version | Tinstall | Tcheck | Ttotal | Status | Flags | 
|---|---|---|---|---|---|---|
| r-devel-linux-x86_64-debian-clang | 0.1-2 | 1.53 | 17.70 | 19.23 | NOTE | |
| r-devel-linux-x86_64-debian-gcc | 0.1-2 | 1.32 | 15.10 | 16.42 | NOTE | |
| r-devel-linux-x86_64-fedora-clang | 0.1-2 | 28.55 | OK | |||
| r-devel-linux-x86_64-fedora-gcc | 0.1-2 | 26.75 | OK | |||
| r-devel-windows-x86_64 | 0.1-2 | 3.00 | 33.00 | 36.00 | OK | |
| r-patched-linux-x86_64 | 0.1-2 | 1.40 | 16.66 | 18.06 | OK | |
| r-release-linux-x86_64 | 0.1-2 | 1.54 | 16.54 | 18.08 | OK | |
| r-release-macos-arm64 | 0.1-2 | 1.00 | 12.00 | 13.00 | OK | |
| r-release-macos-x86_64 | 0.1-2 | 2.00 | 19.00 | 21.00 | OK | |
| r-release-windows-x86_64 | 0.1-2 | 2.00 | 37.00 | 39.00 | OK | |
| r-oldrel-macos-arm64 | 0.1-2 | 1.00 | 11.00 | 12.00 | OK | |
| r-oldrel-macos-x86_64 | 0.1-2 | 1.00 | 18.00 | 19.00 | OK | |
| r-oldrel-windows-x86_64 | 0.1-2 | 2.00 | 33.00 | 35.00 | OK | 
Version: 0.1-2
Check: CRAN incoming feasibility
Result: NOTE
  Maintainer: ‘Hideo Aizaki <azk-r@spa.nifty.com>’
  
  No Authors@R field in DESCRIPTION.
  Please add one, modifying
    Authors@R: person(given = "Hideo",
                      family = "Aizaki",
                      role = c("aut", "cre"),
                      email = "azk-r@spa.nifty.com")
  as necessary.
Flavors: r-devel-linux-x86_64-debian-clang, r-devel-linux-x86_64-debian-gcc