Last updated on 2025-10-31 17:50:20 CET.
| Flavor | Version | Tinstall | Tcheck | Ttotal | Status | Flags | 
|---|---|---|---|---|---|---|
| r-devel-linux-x86_64-debian-clang | 0.7.0 | 17.55 | 128.79 | 146.34 | NOTE | |
| r-devel-linux-x86_64-debian-gcc | 0.7.0 | 12.40 | 93.23 | 105.63 | NOTE | |
| r-devel-linux-x86_64-fedora-clang | 0.7.0 | 36.00 | 187.50 | 223.50 | OK | |
| r-devel-linux-x86_64-fedora-gcc | 0.7.0 | 35.00 | 174.37 | 209.37 | OK | |
| r-devel-windows-x86_64 | 0.7.0 | 18.00 | 123.00 | 141.00 | OK | |
| r-patched-linux-x86_64 | 0.7.0 | 16.62 | 121.14 | 137.76 | OK | |
| r-release-linux-x86_64 | 0.7.0 | 14.89 | 119.69 | 134.58 | OK | |
| r-release-macos-arm64 | 0.7.0 | 6.00 | 47.00 | 53.00 | OK | |
| r-release-macos-x86_64 | 0.7.0 | 13.00 | 85.00 | 98.00 | OK | |
| r-release-windows-x86_64 | 0.7.0 | 17.00 | 127.00 | 144.00 | OK | |
| r-oldrel-macos-arm64 | 0.7.0 | 6.00 | 45.00 | 51.00 | NOTE | |
| r-oldrel-macos-x86_64 | 0.7.0 | 9.00 | 65.00 | 74.00 | NOTE | |
| r-oldrel-windows-x86_64 | 0.7.0 | 23.00 | 164.00 | 187.00 | NOTE | 
Version: 0.7.0
Check: CRAN incoming feasibility
Result: NOTE
  Maintainer: ‘Ming Gao <gaoming@umich.edu>’
  
  No Authors@R field in DESCRIPTION.
  Please add one, modifying
    Authors@R: c(person(given = "Ming",
                        family = "Gao",
                        role = c("aut", "cre"),
                        email = "gaoming@umich.edu"),
                 person(given = "Jialiang",
                        family = "Li",
                        role = "aut"))
  as necessary.
Flavors: r-devel-linux-x86_64-debian-clang, r-devel-linux-x86_64-debian-gcc
Version: 0.7.0
Check: LazyData
Result: NOTE
    'LazyData' is specified without a 'data' directory
Flavors: r-oldrel-macos-arm64, r-oldrel-macos-x86_64, r-oldrel-windows-x86_64