Last updated on 2025-11-15 17:48:54 CET.
| Flavor | Version | Tinstall | Tcheck | Ttotal | Status | Flags |
|---|---|---|---|---|---|---|
| r-devel-linux-x86_64-debian-clang | 2.9.0 | 72.41 | 122.84 | 195.25 | OK | |
| r-devel-linux-x86_64-debian-gcc | 2.9.0 | 58.97 | 83.34 | 142.31 | OK | |
| r-devel-linux-x86_64-fedora-clang | 2.9.0 | 163.00 | 173.28 | 336.28 | OK | |
| r-devel-linux-x86_64-fedora-gcc | 2.9.0 | 150.00 | 231.85 | 381.85 | OK | |
| r-devel-windows-x86_64 | 2.9.0 | 152.00 | 464.00 | 616.00 | OK | |
| r-patched-linux-x86_64 | 2.9.0 | 83.41 | 125.57 | 208.98 | OK | |
| r-release-linux-x86_64 | 2.9.0 | 79.41 | 126.18 | 205.59 | OK | |
| r-release-macos-arm64 | 2.9.0 | 45.00 | 124.00 | 169.00 | OK | |
| r-release-macos-x86_64 | 2.9.0 | 44.00 | 179.00 | 223.00 | OK | |
| r-release-windows-x86_64 | 2.9.0 | 137.00 | 485.00 | 622.00 | OK | |
| r-oldrel-macos-arm64 | 2.9.0 | 48.00 | 133.00 | 181.00 | NOTE | |
| r-oldrel-macos-x86_64 | 2.9.0 | 39.00 | 166.00 | 205.00 | NOTE | |
| r-oldrel-windows-x86_64 | 2.9.0 | 149.00 | 625.00 | 774.00 | NOTE |
Version: 2.9.0
Check: installed package size
Result: NOTE
installed size is 59.5Mb
sub-directories of 1Mb or more:
doc 6.3Mb
libs 52.5Mb
Flavors: r-oldrel-macos-arm64, r-oldrel-macos-x86_64, r-oldrel-windows-x86_64