Last updated on 2025-11-04 05:51:15 CET.
| Flavor | Version | Tinstall | Tcheck | Ttotal | Status | Flags | 
|---|---|---|---|---|---|---|
| r-devel-linux-x86_64-debian-clang | 1.0-0 | 1.56 | 30.11 | 31.67 | OK | |
| r-devel-linux-x86_64-debian-gcc | 1.0-0 | 1.35 | 24.94 | 26.29 | OK | |
| r-devel-linux-x86_64-fedora-clang | 1.0-0 | 46.83 | OK | |||
| r-devel-linux-x86_64-fedora-gcc | 1.0-0 | 61.36 | OK | |||
| r-devel-windows-x86_64 | 1.0-0 | 3.00 | 53.00 | 56.00 | OK | |
| r-patched-linux-x86_64 | 1.0-0 | 1.59 | 27.43 | 29.02 | OK | |
| r-release-linux-x86_64 | 1.0-0 | 1.63 | 27.52 | 29.15 | OK | |
| r-release-macos-arm64 | 1.0-0 | 1.00 | 33.00 | 34.00 | OK | |
| r-release-macos-x86_64 | 1.0-0 | 2.00 | 72.00 | 74.00 | OK | |
| r-release-windows-x86_64 | 1.0-0 | 3.00 | 58.00 | 61.00 | OK | |
| r-oldrel-macos-arm64 | 1.0-0 | 1.00 | 23.00 | 24.00 | NOTE | |
| r-oldrel-macos-x86_64 | 1.0-0 | 1.00 | 33.00 | 34.00 | NOTE | |
| r-oldrel-windows-x86_64 | 1.0-0 | 3.00 | 55.00 | 58.00 | NOTE | 
Version: 1.0-0
Check: LazyData
Result: NOTE
    'LazyData' is specified without a 'data' directory
Flavors: r-oldrel-macos-arm64, r-oldrel-macos-x86_64, r-oldrel-windows-x86_64